{"id":12406,"date":"2022-02-08T19:16:58","date_gmt":"2022-02-08T22:16:58","guid":{"rendered":"http:\/\/ruyeassociados.com.br\/?post_type=work&#038;p=12406"},"modified":"2022-02-08T21:49:50","modified_gmt":"2022-02-09T00:49:50","slug":"aposentadoria-por-tempo-de-contribuicao-por-pontos","status":"publish","type":"work","link":"https:\/\/ruyeassociados.com.br\/?work=aposentadoria-por-tempo-de-contribuicao-por-pontos","title":{"rendered":"Aposentadoria por Tempo de Contribui\u00e7\u00e3o por Pontos"},"content":{"rendered":"\t\t<div data-elementor-type=\"wp-post\" data-elementor-id=\"12406\" class=\"elementor elementor-12406\">\n\t\t\t\t\t\t\t\t\t<section class=\"elementor-section elementor-top-section elementor-element elementor-element-efe3b20 elementor-section-boxed elementor-section-height-default elementor-section-height-default\" data-id=\"efe3b20\" data-element_type=\"section\">\n\t\t\t\t\t\t<div class=\"elementor-container elementor-column-gap-default\">\n\t\t\t\t\t<div class=\"elementor-column elementor-col-100 elementor-top-column elementor-element elementor-element-561c8ee\" data-id=\"561c8ee\" data-element_type=\"column\">\n\t\t\t<div class=\"elementor-widget-wrap elementor-element-populated\">\n\t\t\t\t\t\t\t\t<div class=\"elementor-element elementor-element-40a5414 elementor-invisible elementor-widget elementor-widget-text-editor\" data-id=\"40a5414\" data-element_type=\"widget\" data-settings=\"{&quot;_animation&quot;:&quot;fadeIn&quot;}\" data-widget_type=\"text-editor.default\">\n\t\t\t\t<div class=\"elementor-widget-container\">\n\t\t\t<style>\/*! elementor - v3.7.7 - 20-09-2022 *\/\n.elementor-widget-text-editor.elementor-drop-cap-view-stacked .elementor-drop-cap{background-color:#818a91;color:#fff}.elementor-widget-text-editor.elementor-drop-cap-view-framed .elementor-drop-cap{color:#818a91;border:3px solid;background-color:transparent}.elementor-widget-text-editor:not(.elementor-drop-cap-view-default) .elementor-drop-cap{margin-top:8px}.elementor-widget-text-editor:not(.elementor-drop-cap-view-default) .elementor-drop-cap-letter{width:1em;height:1em}.elementor-widget-text-editor .elementor-drop-cap{float:left;text-align:center;line-height:1;font-size:50px}.elementor-widget-text-editor .elementor-drop-cap-letter{display:inline-block}<\/style>\t\t\t\t<p dir=\"ltr\"><span style=\"font-family: Arial; color: #000000; background-color: transparent; font-weight: 400; font-style: normal; font-variant: normal; text-decoration: none; vertical-align: baseline; white-space: pre-wrap;\">Nesta modalidade de aposentadoria o fator previdenci\u00e1rio \u00e9 opcional, n\u00e3o h\u00e1 a necessidade de preencher a idade m\u00ednima, mas, o segurado deve comprovar 30 (trinta) anos de contribui\u00e7\u00e3o (se mulher) e 35 (trinta e cinco) anos (se homem)..<\/span><\/p>\n<p  dir=\"ltr\"><span style=\"font-family: Arial; color: #000000; background-color: transparent; font-weight: 400; font-style: normal; font-variant: normal; text-decoration: none; vertical-align: baseline; white-space: pre-wrap;\">Em outras palavras, soma do tempo de contribui\u00e7\u00e3o e da idade do segurado deve resultar em 86 (oitenta e seis) para as mulheres e 96 (noventa e seis) para os homens. Mas, a Reforma aumentou progressivamente o n\u00famero de pontos, de maneira que, os homens devem atingir 105 (cento e cinco) pontos e as mulheres 100 (cem) pontos, sendo certo que tal aumentou se deu de 1 (um) ponto a partir de 01\/01\/2020.<\/span><\/p>\n<p  dir=\"ltr\"><span style=\"font-family: Arial; color: #000000; background-color: transparent; font-weight: 400; font-style: normal; font-variant: normal; text-decoration: none; vertical-align: baseline; white-space: pre-wrap;\">Se o segurado atingiu a pontua\u00e7\u00e3o m\u00ednima antes da Reforma, o c\u00e1lculo do benef\u00edcio corresponde \u00e0 m\u00e9dia dos 80% (oitenta por cento) dos maiores sal\u00e1rios de contribui\u00e7\u00e3o desde julho de 1994 at\u00e9 o m\u00eas anterior ao pedido de aposentadoria, sem fator previdenci\u00e1rio, caso desfavor\u00e1vel ao segurado, embora com a incid\u00eancia de defasagem em raz\u00e3o da corre\u00e7\u00e3o monet\u00e1ria.<\/span><\/p>\n<p  dir=\"ltr\"><span style=\"font-family: Arial; color: #000000; background-color: transparent; font-weight: 400; font-style: normal; font-variant: normal; text-decoration: none; vertical-align: baseline; white-space: pre-wrap;\">J\u00e1 se o segurado atingiu a pontua\u00e7\u00e3o m\u00ednima ap\u00f3s a Reforma, o c\u00e1lculo \u00e9 feito com base na m\u00e9dia de todos os sal\u00e1rios desde Julho de 1994 ou de quando come\u00e7ou a contribuir, de forma a receber 60% (sessenta por cento) dessa m\u00e9dia + 2% (dois por cento) ao ano acima de 20 (vinte) anos de tempo de contribui\u00e7\u00e3o (se homem), ou acima de 15 (quinze) anos de contribui\u00e7\u00e3o (se mulher).<\/span><\/p>\t\t\t\t\t\t<\/div>\n\t\t\t\t<\/div>\n\t\t\t\t\t<\/div>\n\t\t<\/div>\n\t\t\t\t\t\t\t<\/div>\n\t\t<\/section>\n\t\t\t\t\t\t\t<\/div>\n\t\t","protected":false},"excerpt":{"rendered":"<p>Nesta modalidade de aposentadoria o fator previdenci\u00e1rio \u00e9 opcional, n\u00e3o&hellip;<\/p>\n<p> <a class=\"more-link\" href=\"https:\/\/ruyeassociados.com.br\/?work=aposentadoria-por-tempo-de-contribuicao-por-pontos\">Leia mais<\/a><\/p>\n","protected":false},"featured_media":12526,"comment_status":"closed","ping_status":"closed","template":"","_links":{"self":[{"href":"https:\/\/ruyeassociados.com.br\/index.php?rest_route=\/wp\/v2\/work\/12406"}],"collection":[{"href":"https:\/\/ruyeassociados.com.br\/index.php?rest_route=\/wp\/v2\/work"}],"about":[{"href":"https:\/\/ruyeassociados.com.br\/index.php?rest_route=\/wp\/v2\/types\/work"}],"replies":[{"embeddable":true,"href":"https:\/\/ruyeassociados.com.br\/index.php?rest_route=%2Fwp%2Fv2%2Fcomments&post=12406"}],"version-history":[{"count":29,"href":"https:\/\/ruyeassociados.com.br\/index.php?rest_route=\/wp\/v2\/work\/12406\/revisions"}],"predecessor-version":[{"id":12603,"href":"https:\/\/ruyeassociados.com.br\/index.php?rest_route=\/wp\/v2\/work\/12406\/revisions\/12603"}],"wp:featuredmedia":[{"embeddable":true,"href":"https:\/\/ruyeassociados.com.br\/index.php?rest_route=\/wp\/v2\/media\/12526"}],"wp:attachment":[{"href":"https:\/\/ruyeassociados.com.br\/index.php?rest_route=%2Fwp%2Fv2%2Fmedia&parent=12406"}],"curies":[{"name":"wp","href":"https:\/\/api.w.org\/{rel}","templated":true}]}}

Aposentadoria por Tempo de Contribuição por Pontos

<div data-elementor-type="wp-post" data-elementor-id="12406" class="elementor elementor-12406">
									<section class="elementor-section elementor-top-section elementor-element elementor-element-efe3b20 elementor-section-boxed elementor-section-height-default elementor-section-height-default" data-id="efe3b20" data-element_type="section">
						<div class="elementor-container elementor-column-gap-default">
					<div class="elementor-column elementor-col-100 elementor-top-column elementor-element elementor-element-561c8ee" data-id="561c8ee" data-element_type="column">
			<div class="elementor-widget-wrap elementor-element-populated">
								<div class="elementor-element elementor-element-40a5414 elementor-invisible elementor-widget elementor-widget-text-editor" data-id="40a5414" data-element_type="widget" data-settings="{&quot;_animation&quot;:&quot;fadeIn&quot;}" data-widget_type="text-editor.default">
				<div class="elementor-widget-container">
			<style>/*! elementor - v3.7.7 - 20-09-2022 */
.elementor-widget-text-editor.elementor-drop-cap-view-stacked .elementor-drop-cap{background-color:#818a91;color:#fff}.elementor-widget-text-editor.elementor-drop-cap-view-framed .elementor-drop-cap{color:#818a91;border:3px solid;background-color:transparent}.elementor-widget-text-editor:not(.elementor-drop-cap-view-default) .elementor-drop-cap{margin-top:8px}.elementor-widget-text-editor:not(.elementor-drop-cap-view-default) .elementor-drop-cap-letter{width:1em;height:1em}.elementor-widget-text-editor .elementor-drop-cap{float:left;text-align:center;line-height:1;font-size:50px}.elementor-widget-text-editor .elementor-drop-cap-letter{display:inline-block}</style>				<p dir="ltr"><span style="font-family: Arial; color: #000000; background-color: transparent; font-weight: 400; font-style: normal; font-variant: normal; text-decoration: none; vertical-align: baseline; white-space: pre-wrap;">Nesta modalidade de aposentadoria o fator previdenciário é opcional, não há a necessidade de preencher a idade mínima, mas, o segurado deve comprovar 30 (trinta) anos de contribuição (se mulher) e 35 (trinta e cinco) anos (se homem)..</span></p>
<p  dir="ltr"><span style="font-family: Arial; color: #000000; background-color: transparent; font-weight: 400; font-style: normal; font-variant: normal; text-decoration: none; vertical-align: baseline; white-space: pre-wrap;">Em outras palavras, soma do tempo de contribuição e da idade do segurado deve resultar em 86 (oitenta e seis) para as mulheres e 96 (noventa e seis) para os homens. Mas, a Reforma aumentou progressivamente o número de pontos, de maneira que, os homens devem atingir 105 (cento e cinco) pontos e as mulheres 100 (cem) pontos, sendo certo que tal aumentou se deu de 1 (um) ponto a partir de 01/01/2020.</span></p>
<p  dir="ltr"><span style="font-family: Arial; color: #000000; background-color: transparent; font-weight: 400; font-style: normal; font-variant: normal; text-decoration: none; vertical-align: baseline; white-space: pre-wrap;">Se o segurado atingiu a pontuação mínima antes da Reforma, o cálculo do benefício corresponde à média dos 80% (oitenta por cento) dos maiores salários de contribuição desde julho de 1994 até o mês anterior ao pedido de aposentadoria, sem fator previdenciário, caso desfavorável ao segurado, embora com a incidência de defasagem em razão da correção monetária.</span></p>
<p  dir="ltr"><span style="font-family: Arial; color: #000000; background-color: transparent; font-weight: 400; font-style: normal; font-variant: normal; text-decoration: none; vertical-align: baseline; white-space: pre-wrap;">Já se o segurado atingiu a pontuação mínima após a Reforma, o cálculo é feito com base na média de todos os salários desde Julho de 1994 ou de quando começou a contribuir, de forma a receber 60% (sessenta por cento) dessa média + 2% (dois por cento) ao ano acima de 20 (vinte) anos de tempo de contribuição (se homem), ou acima de 15 (quinze) anos de contribuição (se mulher).</span></p>						</div>
				</div>
					</div>
		</div>
							</div>
		</section>
							</div>

<p>Nesta modalidade de aposentadoria o fator previdenciário é opcional, não&hellip;</p>
<p> <a class="more-link" href="https://ruyeassociados.com.br/?work=aposentadoria-por-tempo-de-contribuicao-por-pontos">Leia mais</a></p>
