{"id":12123,"date":"2022-01-27T20:34:48","date_gmt":"2022-01-27T23:34:48","guid":{"rendered":"http:\/\/ruyeassociados.com.br\/?post_type=work&#038;p=12123"},"modified":"2022-02-08T23:09:31","modified_gmt":"2022-02-09T02:09:31","slug":"aposentadoria-especial","status":"publish","type":"work","link":"https:\/\/ruyeassociados.com.br\/?work=aposentadoria-especial","title":{"rendered":"APOSENTADORIA ESPECIAL"},"content":{"rendered":"\t\t<div data-elementor-type=\"wp-post\" data-elementor-id=\"12123\" class=\"elementor elementor-12123\">\n\t\t\t\t\t\t\t\t\t<section class=\"elementor-section elementor-top-section elementor-element elementor-element-acef19d elementor-section-boxed elementor-section-height-default elementor-section-height-default\" data-id=\"acef19d\" data-element_type=\"section\">\n\t\t\t\t\t\t<div class=\"elementor-container elementor-column-gap-default\">\n\t\t\t\t\t<div class=\"elementor-column elementor-col-100 elementor-top-column elementor-element elementor-element-bc165c4\" data-id=\"bc165c4\" data-element_type=\"column\">\n\t\t\t<div class=\"elementor-widget-wrap elementor-element-populated\">\n\t\t\t\t\t\t\t\t<div class=\"elementor-element elementor-element-132524f elementor-invisible elementor-widget elementor-widget-text-editor\" data-id=\"132524f\" data-element_type=\"widget\" data-settings=\"{&quot;_animation&quot;:&quot;fadeIn&quot;}\" data-widget_type=\"text-editor.default\">\n\t\t\t\t<div class=\"elementor-widget-container\">\n\t\t\t<style>\/*! elementor - v3.7.7 - 20-09-2022 *\/\n.elementor-widget-text-editor.elementor-drop-cap-view-stacked .elementor-drop-cap{background-color:#818a91;color:#fff}.elementor-widget-text-editor.elementor-drop-cap-view-framed .elementor-drop-cap{color:#818a91;border:3px solid;background-color:transparent}.elementor-widget-text-editor:not(.elementor-drop-cap-view-default) .elementor-drop-cap{margin-top:8px}.elementor-widget-text-editor:not(.elementor-drop-cap-view-default) .elementor-drop-cap-letter{width:1em;height:1em}.elementor-widget-text-editor .elementor-drop-cap{float:left;text-align:center;line-height:1;font-size:50px}.elementor-widget-text-editor .elementor-drop-cap-letter{display:inline-block}<\/style>\t\t\t\t<p dir=\"ltr\"><span style=\"font-family: Arial; color: #000000; background-color: transparent; font-weight: 400; font-style: normal; font-variant: normal; text-decoration: none; vertical-align: baseline; white-space: pre-wrap;\">Trata-se de benef\u00edcio concedido aos segurados que permanecem expostos a agentes nocivos \u00e0 sa\u00fade (qu\u00edmicos, f\u00edsicos ou biol\u00f3gicos), de forma permanente e ininterrupta, e em n\u00edveis acima dos permitidos por lei, durante o desenvolvimento de suas atividades profissionais.<\/span><\/p>\n<p  dir=\"ltr\"><span style=\"font-family: Arial; color: #000000; background-color: transparent; font-weight: 400; font-style: normal; font-variant: normal; text-decoration: none; vertical-align: baseline; white-space: pre-wrap;\">Antes da Reforma, o tempo m\u00ednimo de contribui\u00e7\u00e3o variava entre 15 (quinze), 20 (vinte) ou 25 (vinte e cinco) anos, conforme a atividade desenvolvida. No entanto, ap\u00f3s a reforma, passou-se a exigir tamb\u00e9m a idade m\u00ednima, isto \u00e9, 55 anos para atividade especial de 15 (quinze) anos; 58 (cinquenta e oito) anos para atividade especial de 20 (vinte) anos; 60 (sessenta) anos para atividade especial de 25 (vinte e cinco) anos.<\/span><\/p>\n<p  dir=\"ltr\"><span style=\"font-family: Arial; color: #000000; background-color: transparent; font-weight: 400; font-style: normal; font-variant: normal; text-decoration: none; vertical-align: baseline; white-space: pre-wrap;\">Al\u00e9m disso, \u00e9 preciso estar atento \u00e0s regras de transi\u00e7\u00e3o.<\/span><\/p>\n<p  dir=\"ltr\"><span style=\"font-family: Arial; color: #000000; background-color: transparent; font-weight: 400; font-style: normal; font-variant: normal; text-decoration: none; vertical-align: baseline; white-space: pre-wrap;\">Normalmente, se exige dos segurados a comprova\u00e7\u00e3o da atividade especial mediante a apresenta\u00e7\u00e3o de Perfil Profissiogr\u00e1fico Previdenci\u00e1rio (PPP), emitido pelas empresas em que o trabalhador exerceu sua atividade. Tamb\u00e9m s\u00e3o exigidos, em diversos casos, os Laudos T\u00e9cnicos que embasaram os documentos comprobat\u00f3rios, tais como LTCAT e PPRA.<\/span><\/p>\n<p dir=\"ltr\"><span style=\"font-family: Arial; color: #000000; background-color: transparent; font-weight: 400; font-style: normal; font-variant: normal; text-decoration: none; vertical-align: baseline; white-space: pre-wrap;\">Contudo, \u00e9 importante frisar que se o segurado exerceu atividade especial antes de 28\/04\/1995, basta apenas a comprova\u00e7\u00e3o por meio de enquadramento em categoria profissional considerada especial, ou seja, n\u00e3o estaria obrigado a apresentar os documentos acima informados.<\/span><\/p>\n <p  dir=\"ltr\"><span style=\"font-family: Arial; color: #000000; background-color: transparent; font-weight: 400; font-style: normal; font-variant: normal; text-decoration: none; vertical-align: baseline; white-space: pre-wrap;\">J\u00e1 entre 29\/04\/1995 a 05\/03\/1997 o enquadramento da atividade especial depende da efetiva exposi\u00e7\u00e3o, de forma permanente, n\u00e3o ocasional nem intermitente, a agentes prejudiciais \u00e0 sa\u00fade ou \u00e0 integridade f\u00edsica, por qualquer meio de prova, sendo suficiente a apresenta\u00e7\u00e3o de formul\u00e1rio padr\u00e3o do INSS preenchido pela empresa (SB-40, DSS-8030), sem a exig\u00eancia de embasamento em laudo t\u00e9cnico, exceto quanto aos agentes nocivos ru\u00eddo, frio e calor, que dependem da mensura\u00e7\u00e3o.<\/span><\/p>\n   <p  dir=\"ltr\"><span style=\"font-family: Arial; color: #000000; background-color: transparent; font-weight: 400; font-style: normal; font-variant: normal; text-decoration: none; vertical-align: baseline; white-space: pre-wrap;\">E, como dito, a partir de 06\/03\/1997, o enquadramento da atividade especial passou a depender da demonstra\u00e7\u00e3o da efetiva exposi\u00e7\u00e3o a agentes nocivos \u00e0 sa\u00fade ou \u00e0 integridade f\u00edsica, atrav\u00e9s de formul\u00e1rio padr\u00e3o.<\/span><\/p>\n   <p  dir=\"ltr\"><span style=\"font-family: Arial; color: #000000; background-color: transparent; font-weight: 400; font-style: normal; font-variant: normal; text-decoration: none; vertical-align: baseline; white-space: pre-wrap;\">Com a nova regra, o c\u00e1lculo do benef\u00edcio \u00e9 o mesmo previsto para outras aposentadorias: 60% da m\u00e9dia salarial mais 2% a cada ano que exceder 20 anos de contribui\u00e7\u00e3o para os homens e 15 anos para as mulheres.<\/span><\/p>\n   <p  dir=\"ltr\"><span style=\"font-family: Arial; color: #000000; background-color: transparent; font-weight: 400; font-style: normal; font-variant: normal; text-decoration: none; vertical-align: baseline; white-space: pre-wrap;\">Assim, o segurado poder\u00e1 protocolar requerimento administrativo perante o INSS e, caso negado, poder\u00e1 valer-se de uma a\u00e7\u00e3o judicial, a fim de ter o seu direito reconhecido. Da\u00ed a necessidade de consultar advogado com especialidade em mat\u00e9ria previdenci\u00e1ria.<\/span><\/p>\t\t\t\t\t\t<\/div>\n\t\t\t\t<\/div>\n\t\t\t\t\t<\/div>\n\t\t<\/div>\n\t\t\t\t\t\t\t<\/div>\n\t\t<\/section>\n\t\t\t\t\t\t\t<\/div>\n\t\t","protected":false},"excerpt":{"rendered":"<p>Trata-se de benef\u00edcio concedido aos segurados que permanecem expostos a&hellip;<\/p>\n<p> <a class=\"more-link\" href=\"https:\/\/ruyeassociados.com.br\/?work=aposentadoria-especial\">Leia mais<\/a><\/p>\n","protected":false},"featured_media":12618,"comment_status":"closed","ping_status":"closed","template":"","_links":{"self":[{"href":"https:\/\/ruyeassociados.com.br\/index.php?rest_route=\/wp\/v2\/work\/12123"}],"collection":[{"href":"https:\/\/ruyeassociados.com.br\/index.php?rest_route=\/wp\/v2\/work"}],"about":[{"href":"https:\/\/ruyeassociados.com.br\/index.php?rest_route=\/wp\/v2\/types\/work"}],"replies":[{"embeddable":true,"href":"https:\/\/ruyeassociados.com.br\/index.php?rest_route=%2Fwp%2Fv2%2Fcomments&post=12123"}],"version-history":[{"count":44,"href":"https:\/\/ruyeassociados.com.br\/index.php?rest_route=\/wp\/v2\/work\/12123\/revisions"}],"predecessor-version":[{"id":12619,"href":"https:\/\/ruyeassociados.com.br\/index.php?rest_route=\/wp\/v2\/work\/12123\/revisions\/12619"}],"wp:featuredmedia":[{"embeddable":true,"href":"https:\/\/ruyeassociados.com.br\/index.php?rest_route=\/wp\/v2\/media\/12618"}],"wp:attachment":[{"href":"https:\/\/ruyeassociados.com.br\/index.php?rest_route=%2Fwp%2Fv2%2Fmedia&parent=12123"}],"curies":[{"name":"wp","href":"https:\/\/api.w.org\/{rel}","templated":true}]}}

<div data-elementor-type="wp-post" data-elementor-id="12123" class="elementor elementor-12123">
									<section class="elementor-section elementor-top-section elementor-element elementor-element-acef19d elementor-section-boxed elementor-section-height-default elementor-section-height-default" data-id="acef19d" data-element_type="section">
						<div class="elementor-container elementor-column-gap-default">
					<div class="elementor-column elementor-col-100 elementor-top-column elementor-element elementor-element-bc165c4" data-id="bc165c4" data-element_type="column">
			<div class="elementor-widget-wrap elementor-element-populated">
								<div class="elementor-element elementor-element-132524f elementor-invisible elementor-widget elementor-widget-text-editor" data-id="132524f" data-element_type="widget" data-settings="{&quot;_animation&quot;:&quot;fadeIn&quot;}" data-widget_type="text-editor.default">
				<div class="elementor-widget-container">
			<style>/*! elementor - v3.7.7 - 20-09-2022 */
.elementor-widget-text-editor.elementor-drop-cap-view-stacked .elementor-drop-cap{background-color:#818a91;color:#fff}.elementor-widget-text-editor.elementor-drop-cap-view-framed .elementor-drop-cap{color:#818a91;border:3px solid;background-color:transparent}.elementor-widget-text-editor:not(.elementor-drop-cap-view-default) .elementor-drop-cap{margin-top:8px}.elementor-widget-text-editor:not(.elementor-drop-cap-view-default) .elementor-drop-cap-letter{width:1em;height:1em}.elementor-widget-text-editor .elementor-drop-cap{float:left;text-align:center;line-height:1;font-size:50px}.elementor-widget-text-editor .elementor-drop-cap-letter{display:inline-block}</style>				<p dir="ltr"><span style="font-family: Arial; color: #000000; background-color: transparent; font-weight: 400; font-style: normal; font-variant: normal; text-decoration: none; vertical-align: baseline; white-space: pre-wrap;">Trata-se de benefício concedido aos segurados que permanecem expostos a agentes nocivos à saúde (químicos, físicos ou biológicos), de forma permanente e ininterrupta, e em níveis acima dos permitidos por lei, durante o desenvolvimento de suas atividades profissionais.</span></p>
<p  dir="ltr"><span style="font-family: Arial; color: #000000; background-color: transparent; font-weight: 400; font-style: normal; font-variant: normal; text-decoration: none; vertical-align: baseline; white-space: pre-wrap;">Antes da Reforma, o tempo mínimo de contribuição variava entre 15 (quinze), 20 (vinte) ou 25 (vinte e cinco) anos, conforme a atividade desenvolvida. No entanto, após a reforma, passou-se a exigir também a idade mínima, isto é, 55 anos para atividade especial de 15 (quinze) anos; 58 (cinquenta e oito) anos para atividade especial de 20 (vinte) anos; 60 (sessenta) anos para atividade especial de 25 (vinte e cinco) anos.</span></p>
<p  dir="ltr"><span style="font-family: Arial; color: #000000; background-color: transparent; font-weight: 400; font-style: normal; font-variant: normal; text-decoration: none; vertical-align: baseline; white-space: pre-wrap;">Além disso, é preciso estar atento às regras de transição.</span></p>
<p  dir="ltr"><span style="font-family: Arial; color: #000000; background-color: transparent; font-weight: 400; font-style: normal; font-variant: normal; text-decoration: none; vertical-align: baseline; white-space: pre-wrap;">Normalmente, se exige dos segurados a comprovação da atividade especial mediante a apresentação de Perfil Profissiográfico Previdenciário (PPP), emitido pelas empresas em que o trabalhador exerceu sua atividade. Também são exigidos, em diversos casos, os Laudos Técnicos que embasaram os documentos comprobatórios, tais como LTCAT e PPRA.</span></p>
<p dir="ltr"><span style="font-family: Arial; color: #000000; background-color: transparent; font-weight: 400; font-style: normal; font-variant: normal; text-decoration: none; vertical-align: baseline; white-space: pre-wrap;">Contudo, é importante frisar que se o segurado exerceu atividade especial antes de 28/04/1995, basta apenas a comprovação por meio de enquadramento em categoria profissional considerada especial, ou seja, não estaria obrigado a apresentar os documentos acima informados.</span></p>
 <p  dir="ltr"><span style="font-family: Arial; color: #000000; background-color: transparent; font-weight: 400; font-style: normal; font-variant: normal; text-decoration: none; vertical-align: baseline; white-space: pre-wrap;">Já entre 29/04/1995 a 05/03/1997 o enquadramento da atividade especial depende da efetiva exposição, de forma permanente, não ocasional nem intermitente, a agentes prejudiciais à saúde ou à integridade física, por qualquer meio de prova, sendo suficiente a apresentação de formulário padrão do INSS preenchido pela empresa (SB-40, DSS-8030), sem a exigência de embasamento em laudo técnico, exceto quanto aos agentes nocivos ruído, frio e calor, que dependem da mensuração.</span></p>
   <p  dir="ltr"><span style="font-family: Arial; color: #000000; background-color: transparent; font-weight: 400; font-style: normal; font-variant: normal; text-decoration: none; vertical-align: baseline; white-space: pre-wrap;">E, como dito, a partir de 06/03/1997, o enquadramento da atividade especial passou a depender da demonstração da efetiva exposição a agentes nocivos à saúde ou à integridade física, através de formulário padrão.</span></p>
   <p  dir="ltr"><span style="font-family: Arial; color: #000000; background-color: transparent; font-weight: 400; font-style: normal; font-variant: normal; text-decoration: none; vertical-align: baseline; white-space: pre-wrap;">Com a nova regra, o cálculo do benefício é o mesmo previsto para outras aposentadorias: 60% da média salarial mais 2% a cada ano que exceder 20 anos de contribuição para os homens e 15 anos para as mulheres.</span></p>
   <p  dir="ltr"><span style="font-family: Arial; color: #000000; background-color: transparent; font-weight: 400; font-style: normal; font-variant: normal; text-decoration: none; vertical-align: baseline; white-space: pre-wrap;">Assim, o segurado poderá protocolar requerimento administrativo perante o INSS e, caso negado, poderá valer-se de uma ação judicial, a fim de ter o seu direito reconhecido. Daí a necessidade de consultar advogado com especialidade em matéria previdenciária.</span></p>						</div>
				</div>
					</div>
		</div>
							</div>
		</section>
							</div>

<p>Trata-se de benefício concedido aos segurados que permanecem expostos a&hellip;</p>
<p> <a class="more-link" href="https://ruyeassociados.com.br/?work=aposentadoria-especial">Leia mais</a></p>
