{"id":12122,"date":"2022-01-27T20:34:48","date_gmt":"2022-01-27T23:34:48","guid":{"rendered":"http:\/\/ruyeassociados.com.br\/?post_type=work&#038;p=12122"},"modified":"2022-02-09T22:51:59","modified_gmt":"2022-02-10T01:51:59","slug":"pensao-por-morte","status":"publish","type":"work","link":"https:\/\/ruyeassociados.com.br\/?work=pensao-por-morte","title":{"rendered":"PENS\u00c3O POR MORTE"},"content":{"rendered":"\t\t<div data-elementor-type=\"wp-post\" data-elementor-id=\"12122\" class=\"elementor elementor-12122\">\n\t\t\t\t\t\t\t\t\t<section class=\"elementor-section elementor-top-section elementor-element elementor-element-95e675c elementor-section-boxed elementor-section-height-default elementor-section-height-default\" data-id=\"95e675c\" data-element_type=\"section\">\n\t\t\t\t\t\t<div class=\"elementor-container elementor-column-gap-default\">\n\t\t\t\t\t<div class=\"elementor-column elementor-col-100 elementor-top-column elementor-element elementor-element-218030e\" data-id=\"218030e\" data-element_type=\"column\">\n\t\t\t<div class=\"elementor-widget-wrap elementor-element-populated\">\n\t\t\t\t\t\t\t\t<div class=\"elementor-element elementor-element-ea2eadf elementor-invisible elementor-widget elementor-widget-text-editor\" data-id=\"ea2eadf\" data-element_type=\"widget\" data-settings=\"{&quot;_animation&quot;:&quot;fadeIn&quot;}\" data-widget_type=\"text-editor.default\">\n\t\t\t\t<div class=\"elementor-widget-container\">\n\t\t\t<style>\/*! elementor - v3.7.7 - 20-09-2022 *\/\n.elementor-widget-text-editor.elementor-drop-cap-view-stacked .elementor-drop-cap{background-color:#818a91;color:#fff}.elementor-widget-text-editor.elementor-drop-cap-view-framed .elementor-drop-cap{color:#818a91;border:3px solid;background-color:transparent}.elementor-widget-text-editor:not(.elementor-drop-cap-view-default) .elementor-drop-cap{margin-top:8px}.elementor-widget-text-editor:not(.elementor-drop-cap-view-default) .elementor-drop-cap-letter{width:1em;height:1em}.elementor-widget-text-editor .elementor-drop-cap{float:left;text-align:center;line-height:1;font-size:50px}.elementor-widget-text-editor .elementor-drop-cap-letter{display:inline-block}<\/style>\t\t\t\t<p dir=\"ltr\" style=\"line-height: 1.295; text-align: justify; margin-top: 0pt; margin-bottom: 8pt;\"><span style=\"font-family: Arial; color: #000000; background-color: transparent; font-weight: 400; font-style: normal; font-variant: normal; text-decoration: none; vertical-align: baseline; white-space: pre-wrap;\">Trata-se de benef\u00edcio concedido aos dependentes do segurado da Previd\u00eancia Social que vier a ser preso no regime fechado.<\/span><\/p>\n<p dir=\"ltr\" style=\"line-height: 1.295; text-align: justify; margin-top: 0pt; margin-bottom: 8pt;\"><span style=\"font-family: Arial; color: #000000; background-color: transparent; font-weight: 400; font-style: normal; font-variant: normal; text-decoration: none; vertical-align: baseline; white-space: pre-wrap;\">Os dependentes do segurado est\u00e3o classificados em classes excludentes, quais sejam:<\/span><\/p>\n<p dir=\"ltr\" style=\"line-height: 1.295; text-indent: 0pt; text-align: justify; margin-top: 0pt; margin-bottom: 8pt; padding-left: 40px;\"><span style=\"font-family: Arial; color: #000000; background-color: transparent; font-weight: 400; font-style: normal; font-variant: normal; text-decoration: none; vertical-align: baseline; white-space: pre-wrap;\">1\u00aa) o c\u00f4njuge, a companheira, o companheiro e o filho n\u00e3o emancipado, de qualquer condi\u00e7\u00e3o, menor de 21 (vinte e um) anos ou inv\u00e1lido ou que tenha defici\u00eancia intelectual ou mental ou defici\u00eancia grave;<\/span><\/p>\n<p dir=\"ltr\" style=\"line-height: 1.295;text-indent: 0pt; text-align: justify; margin-top: 0pt; margin-bottom: 8pt; padding-left: 40px;\"><span style=\"font-family: Arial; color: #000000; background-color: transparent; font-weight: 400; font-style: normal; font-variant: normal; text-decoration: none; vertical-align: baseline; white-space: pre-wrap;\">2\u00aa) os pais;<\/span><\/p>\n<p dir=\"ltr\" style=\"line-height: 1.295;text-indent: 0pt; text-align: justify; margin-top: 0pt; margin-bottom: 8pt; padding-left: 40px;\"><span style=\"font-family: Arial; color: #000000; background-color: transparent; font-weight: 400; font-style: normal; font-variant: normal; text-decoration: none; vertical-align: baseline; white-space: pre-wrap;\">3\u00aa) o irm\u00e3o n\u00e3o emancipado, de qualquer condi\u00e7\u00e3o, menor de 21 (vinte e um) anos ou inv\u00e1lido ou que tenha defici\u00eancia intelectual ou mental ou defici\u00eancia grave.<\/span><\/p>\n<p dir=\"ltr\" style=\"line-height: 1.295; text-align: justify; margin-top: 0pt; margin-bottom: 8pt;\"><span style=\"font-family: Arial; color: #000000; background-color: transparent; font-weight: 400; font-style: normal; font-variant: normal; text-decoration: none; vertical-align: baseline; white-space: pre-wrap;\">Vale lembrar que aqueles que se encontram na primeira classe possuem garantida a presun\u00e7\u00e3o de depend\u00eancia econ\u00f4mica, enquanto que aqueles que se encontram nas classes subsequentes devem comprovar a depend\u00eancia econ\u00f4mica.\u00a0<\/span><\/p>\n<p dir=\"ltr\" style=\"line-height: 1.295; text-align: justify; margin-top: 0pt; margin-bottom: 8pt;\"><span style=\"font-family: Arial; color: #000000; background-color: transparent; font-weight: 400; font-style: normal; font-variant: normal; text-decoration: none; vertical-align: baseline; white-space: pre-wrap;\">De qualquer forma, para que seja concedido o benef\u00edcio, h\u00e1 a necessidade de a pessoa comprovar o preenchimento dos seguintes requisitos, sendo certo que deve ser verificado qual \u00e9 a data da pris\u00e3o, a fim de que seja poss\u00edvel identificar quais os requisitos realmente devem ser preenchidos: a- qualidade de segurado do preso; b) car\u00eancia de 24 meses de contribui\u00e7\u00f5es (a partir de 18\/01\/2019, conforme MP 871\/2019, convertida na Lei 13.846\/2019); c) estar em regime fechado (regime semiaberto d\u00e1 direito somente at\u00e9 18\/01\/2019, conforme MP 871\/2019, convertida na Lei 13.846\/2019); d) segurado preso comprovar ser de baixa renda.<\/span><\/p>\n<p dir=\"ltr\" style=\"line-height: 1.295; text-align: justify; margin-top: 0pt; margin-bottom: 8pt;\"><span style=\"font-family: Arial; color: #000000; background-color: transparent; font-weight: 400; font-style: normal; font-variant: normal; text-decoration: none; vertical-align: baseline; white-space: pre-wrap;\">\u00c9 preciso tamb\u00e9m comprovar a condi\u00e7\u00e3o de baixa renda do segurado do segurado preso, sendo certo que o limite da renda se d\u00e1 anualmente pelo INSS, atrav\u00e9s de uma Portaria Interministerial.\u00a0<\/span><\/p>\n<p dir=\"ltr\" style=\"line-height: 1.295; text-align: justify; margin-top: 0pt; margin-bottom: 8pt;\"><span style=\"font-family: Arial; color: #000000; background-color: transparent; font-weight: 400; font-style: normal; font-variant: normal; text-decoration: none; vertical-align: baseline; white-space: pre-wrap;\">A data do recolhimento \u00e0 pris\u00e3o tamb\u00e9m influencia no c\u00e1lculo da renda do benef\u00edcio, visto que se a pris\u00e3o ocorreu antes da Medida Provis\u00f3ria 871\/2019 (de 18\/01\/2019), posteriormente convertida na Lei 13.846\/2019, o crit\u00e9rio econ\u00f4mico \u00e9 calculado conforme a \u00faltima remunera\u00e7\u00e3o do segurado, mas, e a pris\u00e3o ocorreu ap\u00f3s a MP 871, o crit\u00e9rio econ\u00f4mico passou a ser calculado sobre a m\u00e9dia dos sal\u00e1rios-de-contribui\u00e7\u00e3o apurados no per\u00edodo de 12 (doze) meses anteriores ao m\u00eas de recolhimento \u00e0 pris\u00e3o.<\/span><\/p>\n<p dir=\"ltr\" style=\"line-height: 1.295; text-align: justify; margin-top: 0pt; margin-bottom: 8pt;\"><span style=\"font-family: Arial; color: #000000; background-color: transparent; font-weight: 400; font-style: normal; font-variant: normal; text-decoration: none; vertical-align: baseline; white-space: pre-wrap;\">Caso o segurado seja posto em liberdade, fuja da pris\u00e3o ou passe a cumprir pena em regime aberto ou semiaberto, o benef\u00edcio \u00e9 cessado.<\/span><\/p>\n<p dir=\"ltr\" style=\"line-height: 1.295; text-align: justify; margin-top: 0pt; margin-bottom: 8pt;\"><span style=\"font-family: Arial; color: #000000; background-color: transparent; font-weight: 400; font-style: normal; font-variant: normal; text-decoration: none; vertical-align: baseline; white-space: pre-wrap;\">Para o(a) filho(a) o benef\u00edcio cessar\u00e1 ao completar 21 (vinte e um) anos, salvo se inv\u00e1lido ou que tenha defici\u00eancia intelectual ou mental ou defici\u00eancia grave.<\/span><\/p>\n<p dir=\"ltr\" style=\"line-height: 1.295; text-align: justify; margin-top: 0pt; margin-bottom: 8pt;\"><span style=\"font-family: Arial; color: #000000; background-color: transparent; font-weight: 400; font-style: normal; font-variant: normal; text-decoration: none; vertical-align: baseline; white-space: pre-wrap;\">\u00c9 preciso estar atendo tamb\u00e9m em rela\u00e7\u00e3o \u00e0 data de in\u00edcio do benef\u00edcio, pois o benef\u00edcio ser\u00e1 devido a partir da reclus\u00e3o, caso solicitado em at\u00e9 90 (noventa) dias e, caso n\u00e3o requerido dentro do citado prazo, o mesmo ser\u00e1 devido a partir da data do protocolo do requerimento administrativo.\u00a0<\/span><\/p>\n<p dir=\"ltr\" style=\"line-height: 1.295; text-align: justify; margin-top: 0pt; margin-bottom: 8pt;\"><span style=\"font-family: Arial; color: #000000; background-color: transparent; font-weight: 400; font-style: normal; font-variant: normal; text-decoration: none; vertical-align: baseline; white-space: pre-wrap;\">No caso de dependentes menores de 16 anos, o benef\u00edcio ser\u00e1 devido a partir do requerimento somente se realizado 180 ap\u00f3s a pris\u00e3o do segurado.<\/span><\/p>\n<p dir=\"ltr\" style=\"line-height: 1.295; text-align: justify; margin-top: 0pt; margin-bottom: 8pt;\"><span style=\"font-family: Arial; color: #000000; background-color: transparent; font-weight: 400; font-style: normal; font-variant: normal; text-decoration: none; vertical-align: baseline; white-space: pre-wrap;\">O valor do benef\u00edcio \u00e9 o equivalente 1 (um) sal\u00e1rio m\u00ednimo vigente.\u00a0<\/span><\/p>\n<p dir=\"ltr\" style=\"line-height: 1.295; text-align: justify; margin-top: 0pt; margin-bottom: 8pt;\"><span style=\"font-family: Arial; color: #000000; background-color: transparent; font-weight: 400; font-style: normal; font-variant: normal; text-decoration: none; vertical-align: baseline; white-space: pre-wrap;\">De qualquer forma, h\u00e1 a necessidade de protocolar requerimento administrativo perante o INSS e, caso indeferido, h\u00e1 a possibilidade de ingressar com a\u00e7\u00e3o judicial, com a finalidade de obter o reconhecimento do direito ao percebimento do benef\u00edcio. Por isso, \u00e9 importante que os documentos sejam analisados por advogado especializado, o qual avaliar\u00e1 as possibilidades de o pedido ser aceito, tanto perante o INSS, quanto perante o Judici\u00e1rio, caso seja necess\u00e1rio.<\/span><\/p>\t\t\t\t\t\t<\/div>\n\t\t\t\t<\/div>\n\t\t\t\t\t<\/div>\n\t\t<\/div>\n\t\t\t\t\t\t\t<\/div>\n\t\t<\/section>\n\t\t\t\t\t\t\t<\/div>\n\t\t","protected":false},"excerpt":{"rendered":"<p>Trata-se de benef\u00edcio concedido aos dependentes do segurado da Previd\u00eancia&hellip;<\/p>\n<p> <a class=\"more-link\" href=\"https:\/\/ruyeassociados.com.br\/?work=pensao-por-morte\">Leia mais<\/a><\/p>\n","protected":false},"featured_media":12739,"comment_status":"closed","ping_status":"closed","template":"","_links":{"self":[{"href":"https:\/\/ruyeassociados.com.br\/index.php?rest_route=\/wp\/v2\/work\/12122"}],"collection":[{"href":"https:\/\/ruyeassociados.com.br\/index.php?rest_route=\/wp\/v2\/work"}],"about":[{"href":"https:\/\/ruyeassociados.com.br\/index.php?rest_route=\/wp\/v2\/types\/work"}],"replies":[{"embeddable":true,"href":"https:\/\/ruyeassociados.com.br\/index.php?rest_route=%2Fwp%2Fv2%2Fcomments&post=12122"}],"version-history":[{"count":23,"href":"https:\/\/ruyeassociados.com.br\/index.php?rest_route=\/wp\/v2\/work\/12122\/revisions"}],"predecessor-version":[{"id":12736,"href":"https:\/\/ruyeassociados.com.br\/index.php?rest_route=\/wp\/v2\/work\/12122\/revisions\/12736"}],"wp:featuredmedia":[{"embeddable":true,"href":"https:\/\/ruyeassociados.com.br\/index.php?rest_route=\/wp\/v2\/media\/12739"}],"wp:attachment":[{"href":"https:\/\/ruyeassociados.com.br\/index.php?rest_route=%2Fwp%2Fv2%2Fmedia&parent=12122"}],"curies":[{"name":"wp","href":"https:\/\/api.w.org\/{rel}","templated":true}]}}

PENSÃO POR MORTE

<div data-elementor-type="wp-post" data-elementor-id="12122" class="elementor elementor-12122">
									<section class="elementor-section elementor-top-section elementor-element elementor-element-95e675c elementor-section-boxed elementor-section-height-default elementor-section-height-default" data-id="95e675c" data-element_type="section">
						<div class="elementor-container elementor-column-gap-default">
					<div class="elementor-column elementor-col-100 elementor-top-column elementor-element elementor-element-218030e" data-id="218030e" data-element_type="column">
			<div class="elementor-widget-wrap elementor-element-populated">
								<div class="elementor-element elementor-element-ea2eadf elementor-invisible elementor-widget elementor-widget-text-editor" data-id="ea2eadf" data-element_type="widget" data-settings="{&quot;_animation&quot;:&quot;fadeIn&quot;}" data-widget_type="text-editor.default">
				<div class="elementor-widget-container">
			<style>/*! elementor - v3.7.7 - 20-09-2022 */
.elementor-widget-text-editor.elementor-drop-cap-view-stacked .elementor-drop-cap{background-color:#818a91;color:#fff}.elementor-widget-text-editor.elementor-drop-cap-view-framed .elementor-drop-cap{color:#818a91;border:3px solid;background-color:transparent}.elementor-widget-text-editor:not(.elementor-drop-cap-view-default) .elementor-drop-cap{margin-top:8px}.elementor-widget-text-editor:not(.elementor-drop-cap-view-default) .elementor-drop-cap-letter{width:1em;height:1em}.elementor-widget-text-editor .elementor-drop-cap{float:left;text-align:center;line-height:1;font-size:50px}.elementor-widget-text-editor .elementor-drop-cap-letter{display:inline-block}</style>				<p dir="ltr" style="line-height: 1.295; text-align: justify; margin-top: 0pt; margin-bottom: 8pt;"><span style="font-family: Arial; color: #000000; background-color: transparent; font-weight: 400; font-style: normal; font-variant: normal; text-decoration: none; vertical-align: baseline; white-space: pre-wrap;">Trata-se de benefício concedido aos dependentes do segurado da Previdência Social que vier a ser preso no regime fechado.</span></p>
<p dir="ltr" style="line-height: 1.295; text-align: justify; margin-top: 0pt; margin-bottom: 8pt;"><span style="font-family: Arial; color: #000000; background-color: transparent; font-weight: 400; font-style: normal; font-variant: normal; text-decoration: none; vertical-align: baseline; white-space: pre-wrap;">Os dependentes do segurado estão classificados em classes excludentes, quais sejam:</span></p>
<p dir="ltr" style="line-height: 1.295; text-indent: 0pt; text-align: justify; margin-top: 0pt; margin-bottom: 8pt; padding-left: 40px;"><span style="font-family: Arial; color: #000000; background-color: transparent; font-weight: 400; font-style: normal; font-variant: normal; text-decoration: none; vertical-align: baseline; white-space: pre-wrap;">1ª) o cônjuge, a companheira, o companheiro e o filho não emancipado, de qualquer condição, menor de 21 (vinte e um) anos ou inválido ou que tenha deficiência intelectual ou mental ou deficiência grave;</span></p>
<p dir="ltr" style="line-height: 1.295;text-indent: 0pt; text-align: justify; margin-top: 0pt; margin-bottom: 8pt; padding-left: 40px;"><span style="font-family: Arial; color: #000000; background-color: transparent; font-weight: 400; font-style: normal; font-variant: normal; text-decoration: none; vertical-align: baseline; white-space: pre-wrap;">2ª) os pais;</span></p>
<p dir="ltr" style="line-height: 1.295;text-indent: 0pt; text-align: justify; margin-top: 0pt; margin-bottom: 8pt; padding-left: 40px;"><span style="font-family: Arial; color: #000000; background-color: transparent; font-weight: 400; font-style: normal; font-variant: normal; text-decoration: none; vertical-align: baseline; white-space: pre-wrap;">3ª) o irmão não emancipado, de qualquer condição, menor de 21 (vinte e um) anos ou inválido ou que tenha deficiência intelectual ou mental ou deficiência grave.</span></p>
<p dir="ltr" style="line-height: 1.295; text-align: justify; margin-top: 0pt; margin-bottom: 8pt;"><span style="font-family: Arial; color: #000000; background-color: transparent; font-weight: 400; font-style: normal; font-variant: normal; text-decoration: none; vertical-align: baseline; white-space: pre-wrap;">Vale lembrar que aqueles que se encontram na primeira classe possuem garantida a presunção de dependência econômica, enquanto que aqueles que se encontram nas classes subsequentes devem comprovar a dependência econômica. </span></p>
<p dir="ltr" style="line-height: 1.295; text-align: justify; margin-top: 0pt; margin-bottom: 8pt;"><span style="font-family: Arial; color: #000000; background-color: transparent; font-weight: 400; font-style: normal; font-variant: normal; text-decoration: none; vertical-align: baseline; white-space: pre-wrap;">De qualquer forma, para que seja concedido o benefício, há a necessidade de a pessoa comprovar o preenchimento dos seguintes requisitos, sendo certo que deve ser verificado qual é a data da prisão, a fim de que seja possível identificar quais os requisitos realmente devem ser preenchidos: a- qualidade de segurado do preso; b) carência de 24 meses de contribuições (a partir de 18/01/2019, conforme MP 871/2019, convertida na Lei 13.846/2019); c) estar em regime fechado (regime semiaberto dá direito somente até 18/01/2019, conforme MP 871/2019, convertida na Lei 13.846/2019); d) segurado preso comprovar ser de baixa renda.</span></p>
<p dir="ltr" style="line-height: 1.295; text-align: justify; margin-top: 0pt; margin-bottom: 8pt;"><span style="font-family: Arial; color: #000000; background-color: transparent; font-weight: 400; font-style: normal; font-variant: normal; text-decoration: none; vertical-align: baseline; white-space: pre-wrap;">É preciso também comprovar a condição de baixa renda do segurado do segurado preso, sendo certo que o limite da renda se dá anualmente pelo INSS, através de uma Portaria Interministerial. </span></p>
<p dir="ltr" style="line-height: 1.295; text-align: justify; margin-top: 0pt; margin-bottom: 8pt;"><span style="font-family: Arial; color: #000000; background-color: transparent; font-weight: 400; font-style: normal; font-variant: normal; text-decoration: none; vertical-align: baseline; white-space: pre-wrap;">A data do recolhimento à prisão também influencia no cálculo da renda do benefício, visto que se a prisão ocorreu antes da Medida Provisória 871/2019 (de 18/01/2019), posteriormente convertida na Lei 13.846/2019, o critério econômico é calculado conforme a última remuneração do segurado, mas, e a prisão ocorreu após a MP 871, o critério econômico passou a ser calculado sobre a média dos salários-de-contribuição apurados no período de 12 (doze) meses anteriores ao mês de recolhimento à prisão.</span></p>
<p dir="ltr" style="line-height: 1.295; text-align: justify; margin-top: 0pt; margin-bottom: 8pt;"><span style="font-family: Arial; color: #000000; background-color: transparent; font-weight: 400; font-style: normal; font-variant: normal; text-decoration: none; vertical-align: baseline; white-space: pre-wrap;">Caso o segurado seja posto em liberdade, fuja da prisão ou passe a cumprir pena em regime aberto ou semiaberto, o benefício é cessado.</span></p>
<p dir="ltr" style="line-height: 1.295; text-align: justify; margin-top: 0pt; margin-bottom: 8pt;"><span style="font-family: Arial; color: #000000; background-color: transparent; font-weight: 400; font-style: normal; font-variant: normal; text-decoration: none; vertical-align: baseline; white-space: pre-wrap;">Para o(a) filho(a) o benefício cessará ao completar 21 (vinte e um) anos, salvo se inválido ou que tenha deficiência intelectual ou mental ou deficiência grave.</span></p>
<p dir="ltr" style="line-height: 1.295; text-align: justify; margin-top: 0pt; margin-bottom: 8pt;"><span style="font-family: Arial; color: #000000; background-color: transparent; font-weight: 400; font-style: normal; font-variant: normal; text-decoration: none; vertical-align: baseline; white-space: pre-wrap;">É preciso estar atendo também em relação à data de início do benefício, pois o benefício será devido a partir da reclusão, caso solicitado em até 90 (noventa) dias e, caso não requerido dentro do citado prazo, o mesmo será devido a partir da data do protocolo do requerimento administrativo. </span></p>
<p dir="ltr" style="line-height: 1.295; text-align: justify; margin-top: 0pt; margin-bottom: 8pt;"><span style="font-family: Arial; color: #000000; background-color: transparent; font-weight: 400; font-style: normal; font-variant: normal; text-decoration: none; vertical-align: baseline; white-space: pre-wrap;">No caso de dependentes menores de 16 anos, o benefício será devido a partir do requerimento somente se realizado 180 após a prisão do segurado.</span></p>
<p dir="ltr" style="line-height: 1.295; text-align: justify; margin-top: 0pt; margin-bottom: 8pt;"><span style="font-family: Arial; color: #000000; background-color: transparent; font-weight: 400; font-style: normal; font-variant: normal; text-decoration: none; vertical-align: baseline; white-space: pre-wrap;">O valor do benefício é o equivalente 1 (um) salário mínimo vigente. </span></p>
<p dir="ltr" style="line-height: 1.295; text-align: justify; margin-top: 0pt; margin-bottom: 8pt;"><span style="font-family: Arial; color: #000000; background-color: transparent; font-weight: 400; font-style: normal; font-variant: normal; text-decoration: none; vertical-align: baseline; white-space: pre-wrap;">De qualquer forma, há a necessidade de protocolar requerimento administrativo perante o INSS e, caso indeferido, há a possibilidade de ingressar com ação judicial, com a finalidade de obter o reconhecimento do direito ao percebimento do benefício. Por isso, é importante que os documentos sejam analisados por advogado especializado, o qual avaliará as possibilidades de o pedido ser aceito, tanto perante o INSS, quanto perante o Judiciário, caso seja necessário.</span></p>						</div>
				</div>
					</div>
		</div>
							</div>
		</section>
							</div>

<p>Trata-se de benefício concedido aos dependentes do segurado da Previdência&hellip;</p>
<p> <a class="more-link" href="https://ruyeassociados.com.br/?work=pensao-por-morte">Leia mais</a></p>
