{"id":12120,"date":"2022-01-27T20:34:48","date_gmt":"2022-01-27T23:34:48","guid":{"rendered":"http:\/\/ruyeassociados.com.br\/?post_type=work&#038;p=12120"},"modified":"2022-02-08T23:48:21","modified_gmt":"2022-02-09T02:48:21","slug":"beneficio-assistencial-loas-bpc","status":"publish","type":"work","link":"https:\/\/ruyeassociados.com.br\/?work=beneficio-assistencial-loas-bpc","title":{"rendered":"BENEF\u00cdCIO ASSISTENCIAL (LOAS\/BPC)"},"content":{"rendered":"\t\t<div data-elementor-type=\"wp-post\" data-elementor-id=\"12120\" class=\"elementor elementor-12120\">\n\t\t\t\t\t\t\t\t\t<section class=\"elementor-section elementor-top-section elementor-element elementor-element-23c5a99 elementor-section-boxed elementor-section-height-default elementor-section-height-default\" data-id=\"23c5a99\" data-element_type=\"section\">\n\t\t\t\t\t\t<div class=\"elementor-container elementor-column-gap-default\">\n\t\t\t\t\t<div class=\"elementor-column elementor-col-100 elementor-top-column elementor-element elementor-element-c93bd19\" data-id=\"c93bd19\" data-element_type=\"column\">\n\t\t\t<div class=\"elementor-widget-wrap elementor-element-populated\">\n\t\t\t\t\t\t\t\t<section class=\"elementor-section elementor-inner-section elementor-element elementor-element-564a97c elementor-section-boxed elementor-section-height-default elementor-section-height-default\" data-id=\"564a97c\" data-element_type=\"section\">\n\t\t\t\t\t\t<div class=\"elementor-container elementor-column-gap-default\">\n\t\t\t\t\t<div class=\"elementor-column elementor-col-50 elementor-inner-column elementor-element elementor-element-b317cef\" data-id=\"b317cef\" data-element_type=\"column\">\n\t\t\t<div class=\"elementor-widget-wrap elementor-element-populated\">\n\t\t\t\t\t\t\t\t<div class=\"elementor-element elementor-element-a4bdde5 elementor-invisible elementor-widget elementor-widget-text-editor\" data-id=\"a4bdde5\" data-element_type=\"widget\" data-settings=\"{&quot;_animation&quot;:&quot;fadeInLeft&quot;}\" data-widget_type=\"text-editor.default\">\n\t\t\t\t<div class=\"elementor-widget-container\">\n\t\t\t<style>\/*! elementor - v3.7.7 - 20-09-2022 *\/\n.elementor-widget-text-editor.elementor-drop-cap-view-stacked .elementor-drop-cap{background-color:#818a91;color:#fff}.elementor-widget-text-editor.elementor-drop-cap-view-framed .elementor-drop-cap{color:#818a91;border:3px solid;background-color:transparent}.elementor-widget-text-editor:not(.elementor-drop-cap-view-default) .elementor-drop-cap{margin-top:8px}.elementor-widget-text-editor:not(.elementor-drop-cap-view-default) .elementor-drop-cap-letter{width:1em;height:1em}.elementor-widget-text-editor .elementor-drop-cap{float:left;text-align:center;line-height:1;font-size:50px}.elementor-widget-text-editor .elementor-drop-cap-letter{display:inline-block}<\/style>\t\t\t\t<p dir=\"ltr\" style=\"line-height: 1.295; text-align: justify; margin-top: 0pt; margin-bottom: 8pt;\"><span style=\"font-family: Arial; color: #000000; background-color: transparent; font-weight: 400; font-style: normal; font-variant: normal; text-decoration: none; vertical-align: baseline; white-space: pre-wrap;\">\u00c9 a presta\u00e7\u00e3o paga pela previd\u00eancia social que visa garantir um sal\u00e1rio m\u00ednimo mensal para pessoas que n\u00e3o possuam meios de prover \u00e0 pr\u00f3pria subsist\u00eancia ou de t\u00ea-la provida por sua fam\u00edlia.\u00a0<\/span><\/p>\n<p dir=\"ltr\" style=\"line-height: 1.295; text-align: justify; margin-top: 0pt; margin-bottom: 8pt;\"><span style=\"font-family: Arial; color: #000000; background-color: transparent; font-weight: 400; font-style: normal; font-variant: normal; text-decoration: none; vertical-align: baseline; white-space: pre-wrap;\">O benef\u00edcio assistencial ao idoso \u00e9 destinado \u00e0s pessoas com idade acima de 65 (sessenta e cinco) anos.\u00a0<\/span><\/p>\n<p dir=\"ltr\" style=\"line-height: 1.295; text-align: justify; margin-top: 0pt; margin-bottom: 8pt;\"><\/p>\t\t\t\t\t\t<\/div>\n\t\t\t\t<\/div>\n\t\t\t\t\t<\/div>\n\t\t<\/div>\n\t\t\t\t<div class=\"elementor-column elementor-col-50 elementor-inner-column elementor-element elementor-element-ac45cc9\" data-id=\"ac45cc9\" data-element_type=\"column\">\n\t\t\t<div class=\"elementor-widget-wrap elementor-element-populated\">\n\t\t\t\t\t\t\t\t<div class=\"elementor-element elementor-element-6019e27 animated-slow elementor-invisible elementor-widget elementor-widget-image\" data-id=\"6019e27\" data-element_type=\"widget\" data-settings=\"{&quot;_animation&quot;:&quot;fadeInRight&quot;}\" data-widget_type=\"image.default\">\n\t\t\t\t<div class=\"elementor-widget-container\">\n\t\t\t<style>\/*! elementor - v3.7.7 - 20-09-2022 *\/\n.elementor-widget-image{text-align:center}.elementor-widget-image a{display:inline-block}.elementor-widget-image a img[src$=\".svg\"]{width:48px}.elementor-widget-image img{vertical-align:middle;display:inline-block}<\/style>\t\t\t\t\t\t\t\t\t\t\t\t<img decoding=\"async\" width=\"800\" height=\"534\" src=\"https:\/\/ruyeassociados.com.br\/wp-content\/uploads\/2022\/01\/zulu-fernando-KtEzJLUnQvs-unsplash-1024x683.jpg\" class=\"attachment-large size-large\" alt=\"\" loading=\"lazy\" srcset=\"https:\/\/ruyeassociados.com.br\/wp-content\/uploads\/2022\/01\/zulu-fernando-KtEzJLUnQvs-unsplash-1024x683.jpg 1024w, https:\/\/ruyeassociados.com.br\/wp-content\/uploads\/2022\/01\/zulu-fernando-KtEzJLUnQvs-unsplash-300x200.jpg 300w, https:\/\/ruyeassociados.com.br\/wp-content\/uploads\/2022\/01\/zulu-fernando-KtEzJLUnQvs-unsplash-768x512.jpg 768w, https:\/\/ruyeassociados.com.br\/wp-content\/uploads\/2022\/01\/zulu-fernando-KtEzJLUnQvs-unsplash-1536x1024.jpg 1536w, https:\/\/ruyeassociados.com.br\/wp-content\/uploads\/2022\/01\/zulu-fernando-KtEzJLUnQvs-unsplash-2048x1365.jpg 2048w, https:\/\/ruyeassociados.com.br\/wp-content\/uploads\/2022\/01\/zulu-fernando-KtEzJLUnQvs-unsplash-600x400.jpg 600w\" sizes=\"(max-width: 800px) 100vw, 800px\" \/>\t\t\t\t\t\t\t\t\t\t\t\t\t\t\t<\/div>\n\t\t\t\t<\/div>\n\t\t\t\t\t<\/div>\n\t\t<\/div>\n\t\t\t\t\t\t\t<\/div>\n\t\t<\/section>\n\t\t\t\t<div class=\"elementor-element elementor-element-1d8d1ff elementor-invisible elementor-widget elementor-widget-text-editor\" data-id=\"1d8d1ff\" data-element_type=\"widget\" data-settings=\"{&quot;_animation&quot;:&quot;fadeIn&quot;}\" data-widget_type=\"text-editor.default\">\n\t\t\t\t<div class=\"elementor-widget-container\">\n\t\t\t\t\t\t\t<p dir=\"ltr\" style=\"line-height: 1.295; text-align: justify; margin-top: 0pt; margin-bottom: 8pt;\"><span style=\"color: #000000; font-family: Arial;  white-space: pre-wrap;\">J\u00e1 o benef\u00edcio assistencial ao portador de defici\u00eancia \u00e9 destinado \u00e0s pessoas com defici\u00eancias, independentemente da idade, que se encontram impossibilitadas de participar e se inserir em paridade de condi\u00e7\u00f5es com o restante da sociedade.\u00a0<\/span><span style=\"background-color: transparent; color: #000000; font-family: Arial; white-space: pre-wrap;\">\u00a0<\/span><\/p>\n<p dir=\"ltr\" style=\"line-height: 1.295; text-align: justify; margin-top: 0pt; margin-bottom: 8pt;\"><span style=\"background-color: transparent; color: #000000; font-family: Arial; white-space: pre-wrap;\">Igualmente, tanto o benef\u00edcio assistencial ao idoso, quanto o benef\u00edcio assistencial ao portador de defici\u00eancia devem comprovar o estado de pobreza ou necessidade (renda familiar mensal per capita igual ou inferior a 1\/4 (um quarto) do sal\u00e1rio-m\u00ednimo).\u00a0<\/span><\/p>\n<p dir=\"ltr\" style=\"line-height: 1.295; text-align: justify; margin-top: 0pt; margin-bottom: 8pt;\"><span style=\"font-family: Arial; color: #000000; background-color: transparent; font-weight: 400; font-style: normal; font-variant: normal; text-decoration: none; vertical-align: baseline; white-space: pre-wrap;\">Al\u00e9m disso, ambos os benef\u00edcios podem ser pagos, mesmo que a pessoa nunca tenha vertido contribui\u00e7\u00f5es para o INSS.\u00a0<\/span><\/p>\n<p dir=\"ltr\" style=\"line-height: 1.295; text-align: justify; margin-top: 0pt; margin-bottom: 8pt;\"><span style=\"font-family: Arial; color: #000000; background-color: transparent; font-weight: 400; font-style: normal; font-variant: normal; text-decoration: none; vertical-align: baseline; white-space: pre-wrap;\">O valor do benef\u00edcio corresponde a 1 (um) sal\u00e1rio m\u00ednimo.\u00a0<\/span><\/p>\n<p dir=\"ltr\" style=\"line-height: 1.295; text-align: justify; margin-top: 0pt; margin-bottom: 8pt;\"><span style=\"font-family: Arial; color: #000000; background-color: transparent; font-weight: 400; font-style: normal; font-variant: normal; text-decoration: none; vertical-align: baseline; white-space: pre-wrap;\">Para tanto, a pessoa interessada dever\u00e1 se inscrever no Cadastro \u00danico de Programas Sociais do Governo Federal \u2013 Cad\u00danico, por meio do CRAAS, antes da formula\u00e7\u00e3o do requerimento administrativo perante o INSS.\u00a0<\/span><\/p>\n<p dir=\"ltr\" style=\"line-height: 1.295; text-align: justify; margin-top: 0pt; margin-bottom: 8pt;\"><span style=\"font-family: Arial; color: #000000; background-color: transparent; font-weight: 400; font-style: normal; font-variant: normal; text-decoration: none; vertical-align: baseline; white-space: pre-wrap;\">Caso o requerimento administrativo realizado perante o INSS seja indeferido, a pessoa poder\u00e1 ajuizar uma a\u00e7\u00e3o judicial, a fim de demonstrar que faz jus ao dito benef\u00edcio perante o Judici\u00e1rio, raz\u00e3o pela qual \u00e9 de suam import\u00e2ncia a contrata\u00e7\u00e3o de advogado com conhecimento especializado, a fim de avaliar a possibilidade ou n\u00e3o do benef\u00edcio e, principalmente, para aferir a documenta\u00e7\u00e3o necess\u00e1ria a ser apresentada.<\/span><\/p>\t\t\t\t\t\t<\/div>\n\t\t\t\t<\/div>\n\t\t\t\t\t<\/div>\n\t\t<\/div>\n\t\t\t\t\t\t\t<\/div>\n\t\t<\/section>\n\t\t\t\t\t\t\t<\/div>\n\t\t","protected":false},"excerpt":{"rendered":"<p>\u00c9 a presta\u00e7\u00e3o paga pela previd\u00eancia social que visa garantir&hellip;<\/p>\n<p> <a class=\"more-link\" href=\"https:\/\/ruyeassociados.com.br\/?work=beneficio-assistencial-loas-bpc\">Leia mais<\/a><\/p>\n","protected":false},"featured_media":12655,"comment_status":"closed","ping_status":"closed","template":"","_links":{"self":[{"href":"https:\/\/ruyeassociados.com.br\/index.php?rest_route=\/wp\/v2\/work\/12120"}],"collection":[{"href":"https:\/\/ruyeassociados.com.br\/index.php?rest_route=\/wp\/v2\/work"}],"about":[{"href":"https:\/\/ruyeassociados.com.br\/index.php?rest_route=\/wp\/v2\/types\/work"}],"replies":[{"embeddable":true,"href":"https:\/\/ruyeassociados.com.br\/index.php?rest_route=%2Fwp%2Fv2%2Fcomments&post=12120"}],"version-history":[{"count":41,"href":"https:\/\/ruyeassociados.com.br\/index.php?rest_route=\/wp\/v2\/work\/12120\/revisions"}],"predecessor-version":[{"id":12668,"href":"https:\/\/ruyeassociados.com.br\/index.php?rest_route=\/wp\/v2\/work\/12120\/revisions\/12668"}],"wp:featuredmedia":[{"embeddable":true,"href":"https:\/\/ruyeassociados.com.br\/index.php?rest_route=\/wp\/v2\/media\/12655"}],"wp:attachment":[{"href":"https:\/\/ruyeassociados.com.br\/index.php?rest_route=%2Fwp%2Fv2%2Fmedia&parent=12120"}],"curies":[{"name":"wp","href":"https:\/\/api.w.org\/{rel}","templated":true}]}}

BENEFÍCIO ASSISTENCIAL (LOAS/BPC)

<div data-elementor-type="wp-post" data-elementor-id="12120" class="elementor elementor-12120">
									<section class="elementor-section elementor-top-section elementor-element elementor-element-23c5a99 elementor-section-boxed elementor-section-height-default elementor-section-height-default" data-id="23c5a99" data-element_type="section">
						<div class="elementor-container elementor-column-gap-default">
					<div class="elementor-column elementor-col-100 elementor-top-column elementor-element elementor-element-c93bd19" data-id="c93bd19" data-element_type="column">
			<div class="elementor-widget-wrap elementor-element-populated">
								<section class="elementor-section elementor-inner-section elementor-element elementor-element-564a97c elementor-section-boxed elementor-section-height-default elementor-section-height-default" data-id="564a97c" data-element_type="section">
						<div class="elementor-container elementor-column-gap-default">
					<div class="elementor-column elementor-col-50 elementor-inner-column elementor-element elementor-element-b317cef" data-id="b317cef" data-element_type="column">
			<div class="elementor-widget-wrap elementor-element-populated">
								<div class="elementor-element elementor-element-a4bdde5 elementor-invisible elementor-widget elementor-widget-text-editor" data-id="a4bdde5" data-element_type="widget" data-settings="{&quot;_animation&quot;:&quot;fadeInLeft&quot;}" data-widget_type="text-editor.default">
				<div class="elementor-widget-container">
			<style>/*! elementor - v3.7.7 - 20-09-2022 */
.elementor-widget-text-editor.elementor-drop-cap-view-stacked .elementor-drop-cap{background-color:#818a91;color:#fff}.elementor-widget-text-editor.elementor-drop-cap-view-framed .elementor-drop-cap{color:#818a91;border:3px solid;background-color:transparent}.elementor-widget-text-editor:not(.elementor-drop-cap-view-default) .elementor-drop-cap{margin-top:8px}.elementor-widget-text-editor:not(.elementor-drop-cap-view-default) .elementor-drop-cap-letter{width:1em;height:1em}.elementor-widget-text-editor .elementor-drop-cap{float:left;text-align:center;line-height:1;font-size:50px}.elementor-widget-text-editor .elementor-drop-cap-letter{display:inline-block}</style>				<p dir="ltr" style="line-height: 1.295; text-align: justify; margin-top: 0pt; margin-bottom: 8pt;"><span style="font-family: Arial; color: #000000; background-color: transparent; font-weight: 400; font-style: normal; font-variant: normal; text-decoration: none; vertical-align: baseline; white-space: pre-wrap;">É a prestação paga pela previdência social que visa garantir um salário mínimo mensal para pessoas que não possuam meios de prover à própria subsistência ou de tê-la provida por sua família. </span></p>
<p dir="ltr" style="line-height: 1.295; text-align: justify; margin-top: 0pt; margin-bottom: 8pt;"><span style="font-family: Arial; color: #000000; background-color: transparent; font-weight: 400; font-style: normal; font-variant: normal; text-decoration: none; vertical-align: baseline; white-space: pre-wrap;">O benefício assistencial ao idoso é destinado às pessoas com idade acima de 65 (sessenta e cinco) anos. </span></p>
<p dir="ltr" style="line-height: 1.295; text-align: justify; margin-top: 0pt; margin-bottom: 8pt;"></p>						</div>
				</div>
					</div>
		</div>
				<div class="elementor-column elementor-col-50 elementor-inner-column elementor-element elementor-element-ac45cc9" data-id="ac45cc9" data-element_type="column">
			<div class="elementor-widget-wrap elementor-element-populated">
								<div class="elementor-element elementor-element-6019e27 animated-slow elementor-invisible elementor-widget elementor-widget-image" data-id="6019e27" data-element_type="widget" data-settings="{&quot;_animation&quot;:&quot;fadeInRight&quot;}" data-widget_type="image.default">
				<div class="elementor-widget-container">
			<style>/*! elementor - v3.7.7 - 20-09-2022 */
.elementor-widget-image{text-align:center}.elementor-widget-image a{display:inline-block}.elementor-widget-image a img[src$=".svg"]{width:48px}.elementor-widget-image img{vertical-align:middle;display:inline-block}</style>												<img decoding="async" width="800" height="534" src="https://ruyeassociados.com.br/wp-content/uploads/2022/01/zulu-fernando-KtEzJLUnQvs-unsplash-1024x683.jpg" class="attachment-large size-large" alt="" loading="lazy" srcset="https://ruyeassociados.com.br/wp-content/uploads/2022/01/zulu-fernando-KtEzJLUnQvs-unsplash-1024x683.jpg 1024w, https://ruyeassociados.com.br/wp-content/uploads/2022/01/zulu-fernando-KtEzJLUnQvs-unsplash-300x200.jpg 300w, https://ruyeassociados.com.br/wp-content/uploads/2022/01/zulu-fernando-KtEzJLUnQvs-unsplash-768x512.jpg 768w, https://ruyeassociados.com.br/wp-content/uploads/2022/01/zulu-fernando-KtEzJLUnQvs-unsplash-1536x1024.jpg 1536w, https://ruyeassociados.com.br/wp-content/uploads/2022/01/zulu-fernando-KtEzJLUnQvs-unsplash-2048x1365.jpg 2048w, https://ruyeassociados.com.br/wp-content/uploads/2022/01/zulu-fernando-KtEzJLUnQvs-unsplash-600x400.jpg 600w" sizes="(max-width: 800px) 100vw, 800px" />															</div>
				</div>
					</div>
		</div>
							</div>
		</section>
				<div class="elementor-element elementor-element-1d8d1ff elementor-invisible elementor-widget elementor-widget-text-editor" data-id="1d8d1ff" data-element_type="widget" data-settings="{&quot;_animation&quot;:&quot;fadeIn&quot;}" data-widget_type="text-editor.default">
				<div class="elementor-widget-container">
							<p dir="ltr" style="line-height: 1.295; text-align: justify; margin-top: 0pt; margin-bottom: 8pt;"><span style="color: #000000; font-family: Arial;  white-space: pre-wrap;">Já o benefício assistencial ao portador de deficiência é destinado às pessoas com deficiências, independentemente da idade, que se encontram impossibilitadas de participar e se inserir em paridade de condições com o restante da sociedade. </span><span style="background-color: transparent; color: #000000; font-family: Arial; white-space: pre-wrap;"> </span></p>
<p dir="ltr" style="line-height: 1.295; text-align: justify; margin-top: 0pt; margin-bottom: 8pt;"><span style="background-color: transparent; color: #000000; font-family: Arial; white-space: pre-wrap;">Igualmente, tanto o benefício assistencial ao idoso, quanto o benefício assistencial ao portador de deficiência devem comprovar o estado de pobreza ou necessidade (renda familiar mensal per capita igual ou inferior a 1/4 (um quarto) do salário-mínimo). </span></p>
<p dir="ltr" style="line-height: 1.295; text-align: justify; margin-top: 0pt; margin-bottom: 8pt;"><span style="font-family: Arial; color: #000000; background-color: transparent; font-weight: 400; font-style: normal; font-variant: normal; text-decoration: none; vertical-align: baseline; white-space: pre-wrap;">Além disso, ambos os benefícios podem ser pagos, mesmo que a pessoa nunca tenha vertido contribuições para o INSS. </span></p>
<p dir="ltr" style="line-height: 1.295; text-align: justify; margin-top: 0pt; margin-bottom: 8pt;"><span style="font-family: Arial; color: #000000; background-color: transparent; font-weight: 400; font-style: normal; font-variant: normal; text-decoration: none; vertical-align: baseline; white-space: pre-wrap;">O valor do benefício corresponde a 1 (um) salário mínimo. </span></p>
<p dir="ltr" style="line-height: 1.295; text-align: justify; margin-top: 0pt; margin-bottom: 8pt;"><span style="font-family: Arial; color: #000000; background-color: transparent; font-weight: 400; font-style: normal; font-variant: normal; text-decoration: none; vertical-align: baseline; white-space: pre-wrap;">Para tanto, a pessoa interessada deverá se inscrever no Cadastro Único de Programas Sociais do Governo Federal – CadÚnico, por meio do CRAAS, antes da formulação do requerimento administrativo perante o INSS. </span></p>
<p dir="ltr" style="line-height: 1.295; text-align: justify; margin-top: 0pt; margin-bottom: 8pt;"><span style="font-family: Arial; color: #000000; background-color: transparent; font-weight: 400; font-style: normal; font-variant: normal; text-decoration: none; vertical-align: baseline; white-space: pre-wrap;">Caso o requerimento administrativo realizado perante o INSS seja indeferido, a pessoa poderá ajuizar uma ação judicial, a fim de demonstrar que faz jus ao dito benefício perante o Judiciário, razão pela qual é de suam importância a contratação de advogado com conhecimento especializado, a fim de avaliar a possibilidade ou não do benefício e, principalmente, para aferir a documentação necessária a ser apresentada.</span></p>						</div>
				</div>
					</div>
		</div>
							</div>
		</section>
							</div>

<p>É a prestação paga pela previdência social que visa garantir&hellip;</p>
<p> <a class="more-link" href="https://ruyeassociados.com.br/?work=beneficio-assistencial-loas-bpc">Leia mais</a></p>
