{"id":12119,"date":"2022-01-27T20:34:48","date_gmt":"2022-01-27T23:34:48","guid":{"rendered":"http:\/\/ruyeassociados.com.br\/?post_type=work&#038;p=12119"},"modified":"2022-02-08T23:55:49","modified_gmt":"2022-02-09T02:55:49","slug":"salario-maternidade","status":"publish","type":"work","link":"https:\/\/ruyeassociados.com.br\/?work=salario-maternidade","title":{"rendered":"SAL\u00c1RIO MATERNIDADE"},"content":{"rendered":"\t\t<div data-elementor-type=\"wp-post\" data-elementor-id=\"12119\" class=\"elementor elementor-12119\">\n\t\t\t\t\t\t\t\t\t<section class=\"elementor-section elementor-top-section elementor-element elementor-element-2116748 elementor-section-boxed elementor-section-height-default elementor-section-height-default\" data-id=\"2116748\" data-element_type=\"section\">\n\t\t\t\t\t\t<div class=\"elementor-container elementor-column-gap-default\">\n\t\t\t\t\t<div class=\"elementor-column elementor-col-100 elementor-top-column elementor-element elementor-element-9123cb2\" data-id=\"9123cb2\" data-element_type=\"column\">\n\t\t\t<div class=\"elementor-widget-wrap elementor-element-populated\">\n\t\t\t\t\t\t\t\t<section class=\"elementor-section elementor-inner-section elementor-element elementor-element-e73233a elementor-section-boxed elementor-section-height-default elementor-section-height-default\" data-id=\"e73233a\" data-element_type=\"section\">\n\t\t\t\t\t\t<div class=\"elementor-container elementor-column-gap-default\">\n\t\t\t\t\t<div class=\"elementor-column elementor-col-50 elementor-inner-column elementor-element elementor-element-89051c7\" data-id=\"89051c7\" data-element_type=\"column\">\n\t\t\t<div class=\"elementor-widget-wrap elementor-element-populated\">\n\t\t\t\t\t\t\t\t<div class=\"elementor-element elementor-element-0583178 elementor-invisible elementor-widget elementor-widget-text-editor\" data-id=\"0583178\" data-element_type=\"widget\" data-settings=\"{&quot;_animation&quot;:&quot;fadeInLeft&quot;}\" data-widget_type=\"text-editor.default\">\n\t\t\t\t<div class=\"elementor-widget-container\">\n\t\t\t<style>\/*! elementor - v3.7.7 - 20-09-2022 *\/\n.elementor-widget-text-editor.elementor-drop-cap-view-stacked .elementor-drop-cap{background-color:#818a91;color:#fff}.elementor-widget-text-editor.elementor-drop-cap-view-framed .elementor-drop-cap{color:#818a91;border:3px solid;background-color:transparent}.elementor-widget-text-editor:not(.elementor-drop-cap-view-default) .elementor-drop-cap{margin-top:8px}.elementor-widget-text-editor:not(.elementor-drop-cap-view-default) .elementor-drop-cap-letter{width:1em;height:1em}.elementor-widget-text-editor .elementor-drop-cap{float:left;text-align:center;line-height:1;font-size:50px}.elementor-widget-text-editor .elementor-drop-cap-letter{display:inline-block}<\/style>\t\t\t\t<p dir=\"ltr\" style=\"line-height: 1.295; text-align: justify; margin-top: 0pt; margin-bottom: 8pt;\"><span style=\"font-family: Arial; color: #000000; background-color: transparent; font-variant-numeric: normal; font-variant-east-asian: normal; vertical-align: baseline; white-space: pre-wrap;\">Trata-se de benef\u00edcio pago \u00e0s trabalhadoras que necessitam se ausentar do mercado de trabalho, em raz\u00e3o do nascimento ou ado\u00e7\u00e3o de filho.\u00a0<\/span><\/p>\n<p dir=\"ltr\" style=\"line-height: 1.295; text-align: justify; margin-top: 0pt; margin-bottom: 8pt;\"><span style=\"font-family: Arial; color: #000000; background-color: transparent; font-variant-numeric: normal; font-variant-east-asian: normal; vertical-align: baseline; white-space: pre-wrap;\">Vale lembrar que empregadas com carteira assinada, servidoras p\u00fablicas, mulheres que exer\u00e7am trabalhos tempor\u00e1rios ou terceirizados, aut\u00f4nomas ou ainda trabalhadoras dom\u00e9sticas t\u00eam direito \u00e0 licen\u00e7a maternidade.<\/span><\/p>\n<p dir=\"ltr\" style=\"line-height: 1.295; text-align: justify; margin-top: 0pt; margin-bottom: 8pt;\"><span style=\"font-family: Arial; color: #000000; background-color: transparent; font-variant-numeric: normal; font-variant-east-asian: normal; vertical-align: baseline; white-space: pre-wrap;\">Al\u00e9m disso, quando a mulher exerce atividade profissional com registro anotado em carteira de trabalho ou, quando esteja exercendo labor dom\u00e9stico, o valor do benef\u00edcio corresponde ao sal\u00e1rio recebido no exerc\u00edcio da fun\u00e7\u00e3o que a trabalhadora esteja exercendo.\u00a0<\/span><\/p>\t\t\t\t\t\t<\/div>\n\t\t\t\t<\/div>\n\t\t\t\t\t<\/div>\n\t\t<\/div>\n\t\t\t\t<div class=\"elementor-column elementor-col-50 elementor-inner-column elementor-element elementor-element-49f94c4\" data-id=\"49f94c4\" data-element_type=\"column\">\n\t\t\t<div class=\"elementor-widget-wrap elementor-element-populated\">\n\t\t\t\t\t\t\t\t<div class=\"elementor-element elementor-element-23f97c7 animated-slow elementor-invisible elementor-widget elementor-widget-image\" data-id=\"23f97c7\" data-element_type=\"widget\" data-settings=\"{&quot;_animation&quot;:&quot;fadeInRight&quot;}\" data-widget_type=\"image.default\">\n\t\t\t\t<div class=\"elementor-widget-container\">\n\t\t\t<style>\/*! elementor - v3.7.7 - 20-09-2022 *\/\n.elementor-widget-image{text-align:center}.elementor-widget-image a{display:inline-block}.elementor-widget-image a img[src$=\".svg\"]{width:48px}.elementor-widget-image img{vertical-align:middle;display:inline-block}<\/style>\t\t\t\t\t\t\t\t\t\t\t\t<img decoding=\"async\" width=\"678\" height=\"1024\" src=\"https:\/\/ruyeassociados.com.br\/wp-content\/uploads\/2022\/01\/juan-manuel-sanchez-lTuA_3LKGL8-unsplash-678x1024.jpg\" class=\"attachment-large size-large\" alt=\"\" loading=\"lazy\" srcset=\"https:\/\/ruyeassociados.com.br\/wp-content\/uploads\/2022\/01\/juan-manuel-sanchez-lTuA_3LKGL8-unsplash-678x1024.jpg 678w, https:\/\/ruyeassociados.com.br\/wp-content\/uploads\/2022\/01\/juan-manuel-sanchez-lTuA_3LKGL8-unsplash-199x300.jpg 199w, https:\/\/ruyeassociados.com.br\/wp-content\/uploads\/2022\/01\/juan-manuel-sanchez-lTuA_3LKGL8-unsplash-768x1160.jpg 768w, https:\/\/ruyeassociados.com.br\/wp-content\/uploads\/2022\/01\/juan-manuel-sanchez-lTuA_3LKGL8-unsplash-1017x1536.jpg 1017w, https:\/\/ruyeassociados.com.br\/wp-content\/uploads\/2022\/01\/juan-manuel-sanchez-lTuA_3LKGL8-unsplash-1356x2048.jpg 1356w, https:\/\/ruyeassociados.com.br\/wp-content\/uploads\/2022\/01\/juan-manuel-sanchez-lTuA_3LKGL8-unsplash-600x906.jpg 600w, https:\/\/ruyeassociados.com.br\/wp-content\/uploads\/2022\/01\/juan-manuel-sanchez-lTuA_3LKGL8-unsplash-scaled.jpg 1696w\" sizes=\"(max-width: 678px) 100vw, 678px\" \/>\t\t\t\t\t\t\t\t\t\t\t\t\t\t\t<\/div>\n\t\t\t\t<\/div>\n\t\t\t\t\t<\/div>\n\t\t<\/div>\n\t\t\t\t\t\t\t<\/div>\n\t\t<\/section>\n\t\t\t\t<div class=\"elementor-element elementor-element-7b065ac elementor-invisible elementor-widget elementor-widget-text-editor\" data-id=\"7b065ac\" data-element_type=\"widget\" data-settings=\"{&quot;_animation&quot;:&quot;fadeIn&quot;}\" data-widget_type=\"text-editor.default\">\n\t\t\t\t<div class=\"elementor-widget-container\">\n\t\t\t\t\t\t\t<p dir=\"ltr\" style=\"line-height: 1.295; text-align: justify; margin-top: 0pt; margin-bottom: 8pt;\"><span style=\"font-family: Arial; color: #000000; background-color: transparent; font-weight: 400; font-style: normal; font-variant: normal; text-decoration: none; vertical-align: baseline; white-space: pre-wrap;\">\u00c9 importante lembrar tamb\u00e9m que as estudantes ou aquelas que n\u00e3o tenham sal\u00e1rio, mas efetivam contribui\u00e7\u00f5es para o INSS por pelo menos 10 (dez) meses, t\u00eam direito ao recebimento do sal\u00e1rio-maternidade e, neste caso, o valor do benef\u00edcio corresponder\u00e1 ao sal\u00e1rio de refer\u00eancia da contribui\u00e7\u00e3o.<\/span><\/p><p dir=\"ltr\" style=\"line-height: 1.295; text-align: justify; margin-top: 0pt; margin-bottom: 8pt;\"><span style=\"font-family: Arial; color: #000000; background-color: transparent; font-weight: 400; font-style: normal; font-variant: normal; text-decoration: none; vertical-align: baseline; white-space: pre-wrap;\">Igualmente, fazem jus ao sal\u00e1rio-maternidade as mulheres que sofram aborto espont\u00e2neo ou que deem luz a um beb\u00ea natimorto, assim como adotantes e pessoas que possuem a guarda judicial de uma crian\u00e7a com fins de ado\u00e7\u00e3o, sendo certo que, neste \u00faltimo caso, o benef\u00edcio ser\u00e1 recebido por uma dos adotantes.\u00a0<\/span><\/p><p dir=\"ltr\" style=\"line-height: 1.295; text-align: justify; margin-top: 0pt; margin-bottom: 8pt;\"><span style=\"font-family: Arial; color: #000000; background-color: transparent; font-weight: 400; font-style: normal; font-variant: normal; text-decoration: none; vertical-align: baseline; white-space: pre-wrap;\">No que tange ao tempo de afastamento, nota-se que atualmente vigora o tempo m\u00ednimo de 120 (cento e vinte) dias corridos, podendo chegar ao m\u00e1ximo de 180 (cento e oitenta) dias.\u00a0<\/span><\/p><p dir=\"ltr\" style=\"line-height: 1.295; text-align: justify; margin-top: 0pt; margin-bottom: 8pt;\"><span style=\"font-family: Arial; color: #000000; background-color: transparent; font-weight: 400; font-style: normal; font-variant: normal; text-decoration: none; vertical-align: baseline; white-space: pre-wrap;\">As mulheres desempregadas tamb\u00e9m t\u00eam direito ao sal\u00e1rio-maternidade, desde que a \u00faltima contribui\u00e7\u00e3o ao INSS tenha ocorrido at\u00e9 12 meses antes do parto, ou 24 meses para quem contribuiu por pelo menos dez anos.<\/span><\/p><p dir=\"ltr\" style=\"line-height: 1.295; text-align: justify; margin-top: 0pt; margin-bottom: 8pt;\"><span style=\"font-family: Arial; color: #000000; background-color: transparent; font-weight: 400; font-style: normal; font-variant: normal; text-decoration: none; vertical-align: baseline; white-space: pre-wrap;\">O afastamento da mulher, poder\u00e1 ocorrer at\u00e9 28 dias antes do parto, ou ent\u00e3o a partir da data de nascimento do beb\u00ea, ficando a crit\u00e9rio da gestante.<\/span><\/p><p dir=\"ltr\" style=\"line-height: 1.295; text-align: justify; margin-top: 0pt; margin-bottom: 8pt;\"><span style=\"font-family: Arial; color: #000000; background-color: transparent; font-weight: 400; font-style: normal; font-variant: normal; text-decoration: none; vertical-align: baseline; white-space: pre-wrap;\">H\u00e1 a necessidade de formular requerimento administrativo perante o INSS e, caso negado, h\u00e1 a possibilidade de ingressar com a\u00e7\u00e3o judicial com a finalidade de ter o direito ao percebimento do benef\u00edcio reconhecido.<\/span><\/p>\t\t\t\t\t\t<\/div>\n\t\t\t\t<\/div>\n\t\t\t\t\t<\/div>\n\t\t<\/div>\n\t\t\t\t\t\t\t<\/div>\n\t\t<\/section>\n\t\t\t\t\t\t\t<\/div>\n\t\t","protected":false},"excerpt":{"rendered":"<p>Trata-se de benef\u00edcio pago \u00e0s trabalhadoras que necessitam se ausentar&hellip;<\/p>\n<p> <a class=\"more-link\" href=\"https:\/\/ruyeassociados.com.br\/?work=salario-maternidade\">Leia mais<\/a><\/p>\n","protected":false},"featured_media":12669,"comment_status":"closed","ping_status":"closed","template":"","_links":{"self":[{"href":"https:\/\/ruyeassociados.com.br\/index.php?rest_route=\/wp\/v2\/work\/12119"}],"collection":[{"href":"https:\/\/ruyeassociados.com.br\/index.php?rest_route=\/wp\/v2\/work"}],"about":[{"href":"https:\/\/ruyeassociados.com.br\/index.php?rest_route=\/wp\/v2\/types\/work"}],"replies":[{"embeddable":true,"href":"https:\/\/ruyeassociados.com.br\/index.php?rest_route=%2Fwp%2Fv2%2Fcomments&post=12119"}],"version-history":[{"count":30,"href":"https:\/\/ruyeassociados.com.br\/index.php?rest_route=\/wp\/v2\/work\/12119\/revisions"}],"predecessor-version":[{"id":12682,"href":"https:\/\/ruyeassociados.com.br\/index.php?rest_route=\/wp\/v2\/work\/12119\/revisions\/12682"}],"wp:featuredmedia":[{"embeddable":true,"href":"https:\/\/ruyeassociados.com.br\/index.php?rest_route=\/wp\/v2\/media\/12669"}],"wp:attachment":[{"href":"https:\/\/ruyeassociados.com.br\/index.php?rest_route=%2Fwp%2Fv2%2Fmedia&parent=12119"}],"curies":[{"name":"wp","href":"https:\/\/api.w.org\/{rel}","templated":true}]}}

SALÁRIO MATERNIDADE

<div data-elementor-type="wp-post" data-elementor-id="12119" class="elementor elementor-12119">
									<section class="elementor-section elementor-top-section elementor-element elementor-element-2116748 elementor-section-boxed elementor-section-height-default elementor-section-height-default" data-id="2116748" data-element_type="section">
						<div class="elementor-container elementor-column-gap-default">
					<div class="elementor-column elementor-col-100 elementor-top-column elementor-element elementor-element-9123cb2" data-id="9123cb2" data-element_type="column">
			<div class="elementor-widget-wrap elementor-element-populated">
								<section class="elementor-section elementor-inner-section elementor-element elementor-element-e73233a elementor-section-boxed elementor-section-height-default elementor-section-height-default" data-id="e73233a" data-element_type="section">
						<div class="elementor-container elementor-column-gap-default">
					<div class="elementor-column elementor-col-50 elementor-inner-column elementor-element elementor-element-89051c7" data-id="89051c7" data-element_type="column">
			<div class="elementor-widget-wrap elementor-element-populated">
								<div class="elementor-element elementor-element-0583178 elementor-invisible elementor-widget elementor-widget-text-editor" data-id="0583178" data-element_type="widget" data-settings="{&quot;_animation&quot;:&quot;fadeInLeft&quot;}" data-widget_type="text-editor.default">
				<div class="elementor-widget-container">
			<style>/*! elementor - v3.7.7 - 20-09-2022 */
.elementor-widget-text-editor.elementor-drop-cap-view-stacked .elementor-drop-cap{background-color:#818a91;color:#fff}.elementor-widget-text-editor.elementor-drop-cap-view-framed .elementor-drop-cap{color:#818a91;border:3px solid;background-color:transparent}.elementor-widget-text-editor:not(.elementor-drop-cap-view-default) .elementor-drop-cap{margin-top:8px}.elementor-widget-text-editor:not(.elementor-drop-cap-view-default) .elementor-drop-cap-letter{width:1em;height:1em}.elementor-widget-text-editor .elementor-drop-cap{float:left;text-align:center;line-height:1;font-size:50px}.elementor-widget-text-editor .elementor-drop-cap-letter{display:inline-block}</style>				<p dir="ltr" style="line-height: 1.295; text-align: justify; margin-top: 0pt; margin-bottom: 8pt;"><span style="font-family: Arial; color: #000000; background-color: transparent; font-variant-numeric: normal; font-variant-east-asian: normal; vertical-align: baseline; white-space: pre-wrap;">Trata-se de benefício pago às trabalhadoras que necessitam se ausentar do mercado de trabalho, em razão do nascimento ou adoção de filho. </span></p>
<p dir="ltr" style="line-height: 1.295; text-align: justify; margin-top: 0pt; margin-bottom: 8pt;"><span style="font-family: Arial; color: #000000; background-color: transparent; font-variant-numeric: normal; font-variant-east-asian: normal; vertical-align: baseline; white-space: pre-wrap;">Vale lembrar que empregadas com carteira assinada, servidoras públicas, mulheres que exerçam trabalhos temporários ou terceirizados, autônomas ou ainda trabalhadoras domésticas têm direito à licença maternidade.</span></p>
<p dir="ltr" style="line-height: 1.295; text-align: justify; margin-top: 0pt; margin-bottom: 8pt;"><span style="font-family: Arial; color: #000000; background-color: transparent; font-variant-numeric: normal; font-variant-east-asian: normal; vertical-align: baseline; white-space: pre-wrap;">Além disso, quando a mulher exerce atividade profissional com registro anotado em carteira de trabalho ou, quando esteja exercendo labor doméstico, o valor do benefício corresponde ao salário recebido no exercício da função que a trabalhadora esteja exercendo. </span></p>						</div>
				</div>
					</div>
		</div>
				<div class="elementor-column elementor-col-50 elementor-inner-column elementor-element elementor-element-49f94c4" data-id="49f94c4" data-element_type="column">
			<div class="elementor-widget-wrap elementor-element-populated">
								<div class="elementor-element elementor-element-23f97c7 animated-slow elementor-invisible elementor-widget elementor-widget-image" data-id="23f97c7" data-element_type="widget" data-settings="{&quot;_animation&quot;:&quot;fadeInRight&quot;}" data-widget_type="image.default">
				<div class="elementor-widget-container">
			<style>/*! elementor - v3.7.7 - 20-09-2022 */
.elementor-widget-image{text-align:center}.elementor-widget-image a{display:inline-block}.elementor-widget-image a img[src$=".svg"]{width:48px}.elementor-widget-image img{vertical-align:middle;display:inline-block}</style>												<img decoding="async" width="678" height="1024" src="https://ruyeassociados.com.br/wp-content/uploads/2022/01/juan-manuel-sanchez-lTuA_3LKGL8-unsplash-678x1024.jpg" class="attachment-large size-large" alt="" loading="lazy" srcset="https://ruyeassociados.com.br/wp-content/uploads/2022/01/juan-manuel-sanchez-lTuA_3LKGL8-unsplash-678x1024.jpg 678w, https://ruyeassociados.com.br/wp-content/uploads/2022/01/juan-manuel-sanchez-lTuA_3LKGL8-unsplash-199x300.jpg 199w, https://ruyeassociados.com.br/wp-content/uploads/2022/01/juan-manuel-sanchez-lTuA_3LKGL8-unsplash-768x1160.jpg 768w, https://ruyeassociados.com.br/wp-content/uploads/2022/01/juan-manuel-sanchez-lTuA_3LKGL8-unsplash-1017x1536.jpg 1017w, https://ruyeassociados.com.br/wp-content/uploads/2022/01/juan-manuel-sanchez-lTuA_3LKGL8-unsplash-1356x2048.jpg 1356w, https://ruyeassociados.com.br/wp-content/uploads/2022/01/juan-manuel-sanchez-lTuA_3LKGL8-unsplash-600x906.jpg 600w, https://ruyeassociados.com.br/wp-content/uploads/2022/01/juan-manuel-sanchez-lTuA_3LKGL8-unsplash-scaled.jpg 1696w" sizes="(max-width: 678px) 100vw, 678px" />															</div>
				</div>
					</div>
		</div>
							</div>
		</section>
				<div class="elementor-element elementor-element-7b065ac elementor-invisible elementor-widget elementor-widget-text-editor" data-id="7b065ac" data-element_type="widget" data-settings="{&quot;_animation&quot;:&quot;fadeIn&quot;}" data-widget_type="text-editor.default">
				<div class="elementor-widget-container">
							<p dir="ltr" style="line-height: 1.295; text-align: justify; margin-top: 0pt; margin-bottom: 8pt;"><span style="font-family: Arial; color: #000000; background-color: transparent; font-weight: 400; font-style: normal; font-variant: normal; text-decoration: none; vertical-align: baseline; white-space: pre-wrap;">É importante lembrar também que as estudantes ou aquelas que não tenham salário, mas efetivam contribuições para o INSS por pelo menos 10 (dez) meses, têm direito ao recebimento do salário-maternidade e, neste caso, o valor do benefício corresponderá ao salário de referência da contribuição.</span></p><p dir="ltr" style="line-height: 1.295; text-align: justify; margin-top: 0pt; margin-bottom: 8pt;"><span style="font-family: Arial; color: #000000; background-color: transparent; font-weight: 400; font-style: normal; font-variant: normal; text-decoration: none; vertical-align: baseline; white-space: pre-wrap;">Igualmente, fazem jus ao salário-maternidade as mulheres que sofram aborto espontâneo ou que deem luz a um bebê natimorto, assim como adotantes e pessoas que possuem a guarda judicial de uma criança com fins de adoção, sendo certo que, neste último caso, o benefício será recebido por uma dos adotantes. </span></p><p dir="ltr" style="line-height: 1.295; text-align: justify; margin-top: 0pt; margin-bottom: 8pt;"><span style="font-family: Arial; color: #000000; background-color: transparent; font-weight: 400; font-style: normal; font-variant: normal; text-decoration: none; vertical-align: baseline; white-space: pre-wrap;">No que tange ao tempo de afastamento, nota-se que atualmente vigora o tempo mínimo de 120 (cento e vinte) dias corridos, podendo chegar ao máximo de 180 (cento e oitenta) dias. </span></p><p dir="ltr" style="line-height: 1.295; text-align: justify; margin-top: 0pt; margin-bottom: 8pt;"><span style="font-family: Arial; color: #000000; background-color: transparent; font-weight: 400; font-style: normal; font-variant: normal; text-decoration: none; vertical-align: baseline; white-space: pre-wrap;">As mulheres desempregadas também têm direito ao salário-maternidade, desde que a última contribuição ao INSS tenha ocorrido até 12 meses antes do parto, ou 24 meses para quem contribuiu por pelo menos dez anos.</span></p><p dir="ltr" style="line-height: 1.295; text-align: justify; margin-top: 0pt; margin-bottom: 8pt;"><span style="font-family: Arial; color: #000000; background-color: transparent; font-weight: 400; font-style: normal; font-variant: normal; text-decoration: none; vertical-align: baseline; white-space: pre-wrap;">O afastamento da mulher, poderá ocorrer até 28 dias antes do parto, ou então a partir da data de nascimento do bebê, ficando a critério da gestante.</span></p><p dir="ltr" style="line-height: 1.295; text-align: justify; margin-top: 0pt; margin-bottom: 8pt;"><span style="font-family: Arial; color: #000000; background-color: transparent; font-weight: 400; font-style: normal; font-variant: normal; text-decoration: none; vertical-align: baseline; white-space: pre-wrap;">Há a necessidade de formular requerimento administrativo perante o INSS e, caso negado, há a possibilidade de ingressar com ação judicial com a finalidade de ter o direito ao percebimento do benefício reconhecido.</span></p>						</div>
				</div>
					</div>
		</div>
							</div>
		</section>
							</div>

<p>Trata-se de benefício pago às trabalhadoras que necessitam se ausentar&hellip;</p>
<p> <a class="more-link" href="https://ruyeassociados.com.br/?work=salario-maternidade">Leia mais</a></p>
