{"id":12118,"date":"2022-01-27T20:34:48","date_gmt":"2022-01-27T23:34:48","guid":{"rendered":"http:\/\/ruyeassociados.com.br\/?post_type=work&#038;p=12118"},"modified":"2022-02-09T00:12:54","modified_gmt":"2022-02-09T03:12:54","slug":"aposentadoria-por-idade-hibrida","status":"publish","type":"work","link":"https:\/\/ruyeassociados.com.br\/?work=aposentadoria-por-idade-hibrida","title":{"rendered":"APOSENTADORIA POR IDADE H\u00cdBRIDA"},"content":{"rendered":"\t\t<div data-elementor-type=\"wp-post\" data-elementor-id=\"12118\" class=\"elementor elementor-12118\">\n\t\t\t\t\t\t\t\t\t<section class=\"elementor-section elementor-top-section elementor-element elementor-element-44619d8 elementor-section-boxed elementor-section-height-default elementor-section-height-default\" data-id=\"44619d8\" data-element_type=\"section\">\n\t\t\t\t\t\t<div class=\"elementor-container elementor-column-gap-default\">\n\t\t\t\t\t<div class=\"elementor-column elementor-col-100 elementor-top-column elementor-element elementor-element-b740ea3\" data-id=\"b740ea3\" data-element_type=\"column\">\n\t\t\t<div class=\"elementor-widget-wrap elementor-element-populated\">\n\t\t\t\t\t\t\t\t<div class=\"elementor-element elementor-element-43ad8be elementor-invisible elementor-widget elementor-widget-text-editor\" data-id=\"43ad8be\" data-element_type=\"widget\" data-settings=\"{&quot;_animation&quot;:&quot;fadeIn&quot;}\" data-widget_type=\"text-editor.default\">\n\t\t\t\t<div class=\"elementor-widget-container\">\n\t\t\t<style>\/*! elementor - v3.7.7 - 20-09-2022 *\/\n.elementor-widget-text-editor.elementor-drop-cap-view-stacked .elementor-drop-cap{background-color:#818a91;color:#fff}.elementor-widget-text-editor.elementor-drop-cap-view-framed .elementor-drop-cap{color:#818a91;border:3px solid;background-color:transparent}.elementor-widget-text-editor:not(.elementor-drop-cap-view-default) .elementor-drop-cap{margin-top:8px}.elementor-widget-text-editor:not(.elementor-drop-cap-view-default) .elementor-drop-cap-letter{width:1em;height:1em}.elementor-widget-text-editor .elementor-drop-cap{float:left;text-align:center;line-height:1;font-size:50px}.elementor-widget-text-editor .elementor-drop-cap-letter{display:inline-block}<\/style>\t\t\t\t<p dir=\"ltr\" style=\"line-height: 1.295; text-align: justify; margin-top: 0pt; margin-bottom: 8pt;\"><span style=\" font-family: Arial; color: #000000; background-color: transparent; font-weight: 400; font-style: normal; font-variant: normal; text-decoration: none; vertical-align: baseline; white-space: pre-wrap;\">A aposentadoria por idade h\u00edbrida, tamb\u00e9m conhecida como aposentadoria mista, \u00e9 uma modalidade de benef\u00edcio concebida pela Lei n\u00b0. 11.718\/08, a qual deu nova reda\u00e7\u00e3o ao art. 48, da Lei 8.213\/91, de modo a possibilitar\u00a0 a soma do tempo de trabalho urbano e rural, a fim de atingir o direito \u00e0 aposentadoria.\u00a0<\/span><\/p>\n<p dir=\"ltr\" style=\"line-height: 1.295; text-align: justify; margin-top: 0pt; margin-bottom: 8pt;\"><span style=\" font-family: Arial; color: #000000; background-color: transparent; font-weight: 400; font-style: normal; font-variant: normal; text-decoration: none; vertical-align: baseline; white-space: pre-wrap;\">Normalmente, ela \u00e9 concedida a trabalhadores que come\u00e7aram a desempenhar atividade laboral e, depois migraram para a cidade, passando a trabalhar exercer atividade urbana.\u00a0<\/span><\/p>\n<p dir=\"ltr\" style=\"line-height: 1.295; text-align: justify; margin-top: 0pt; margin-bottom: 8pt;\"><span style=\" font-family: Arial; color: #000000; background-color: transparent; font-weight: 400; font-style: normal; font-variant: normal; text-decoration: none; vertical-align: baseline; white-space: pre-wrap;\">Antes da Reforma da Previd\u00eancia, ocorrida no ano de 2019, podiam recorrer a tal benef\u00edcio os trabalhadores que demonstrarem preencher os seguintes requisitos: 1) idade m\u00ednima de 65 (sessenta e cinco) anos para homens e, 60 (sessenta) anos para mulheres; 2) Car\u00eancia de 180 (cento e oitenta meses); 3) comprova\u00e7\u00e3o das atividades urbanas e rurais.\u00a0<\/span><\/p>\n<p dir=\"ltr\" style=\"line-height: 1.295; text-align: justify; margin-top: 0pt; margin-bottom: 8pt;\"><span style=\" font-family: Arial; color: #000000; background-color: transparent; font-weight: 400; font-style: normal; font-variant: normal; text-decoration: none; vertical-align: baseline; white-space: pre-wrap;\">Entretanto, com a vig\u00eancia da Emenda Constitucional n\u00b0. 103\/2019, houve altera\u00e7\u00e3o dessas regras, passando a ser necess\u00e1rio que a pessoa demonstre o preenchimento dos seguintes requisitos: 1) Idade m\u00ednima de 65 (sessenta e cinco) anos e 20 anos de contribui\u00e7\u00e3o para homens e, idade m\u00ednima de 62 (sessenta e dois) anos de idade e, 15 anos de contribui\u00e7\u00e3o para mulheres.<\/span><\/p>\n<p dir=\"ltr\" style=\"line-height: 1.295; text-align: justify; margin-top: 0pt; margin-bottom: 8pt;\"><span style=\" font-family: Arial; color: #000000; background-color: transparent; font-weight: 400; font-style: normal; font-variant: normal; text-decoration: none; vertical-align: baseline; white-space: pre-wrap;\">Por oportuno, vale lembrar que o per\u00edodo de car\u00eancia \u00e9 o n\u00famero m\u00ednimo de contribui\u00e7\u00f5es mensais necess\u00e1rias para obter o benef\u00edcio, enquanto o tempo de contribui\u00e7\u00e3o \u00e9 o per\u00edodo exato entre a data de in\u00edcio e t\u00e9rmino da atividade remunerada exercida.<\/span><\/p>\n<p dir=\"ltr\" style=\"line-height: 1.295; text-align: justify; margin-top: 0pt; margin-bottom: 8pt;\"><span style=\" font-family: Arial; color: #000000; background-color: transparent; font-weight: 400; font-style: normal; font-variant: normal; text-decoration: none; vertical-align: baseline; white-space: pre-wrap;\">Dessa forma, \u00e9 necess\u00e1rio comprovar o tempo de trabalho com as contribui\u00e7\u00f5es urbanas e, documentos que demonstrem o tempo de trabalho rural, de maneira que o segurado deve ser muito bem orientado por profissional capacitado, a fim de que tenha maiores chances de receber a aposentadoria, principalmente, por meio da apresenta\u00e7\u00e3o dos documentos necess\u00e1rios.\u00a0<\/span><\/p>\n<p dir=\"ltr\" style=\"line-height: 1.295; text-align: justify; margin-top: 0pt; margin-bottom: 8pt;\"><span style=\" font-family: Arial; color: #000000; background-color: transparent; font-weight: 400; font-style: normal; font-variant: normal; text-decoration: none; vertical-align: baseline; white-space: pre-wrap;\">Isso porque, normalmente s\u00e3o necess\u00e1rios documentos espec\u00edficos para comprova\u00e7\u00e3o do tempo de trabalho e contribui\u00e7\u00e3o.\u00a0<\/span><\/p>\n<p dir=\"ltr\" style=\"line-height: 1.295; text-align: justify; margin-top: 0pt; margin-bottom: 8pt;\"><span style=\" font-family: Arial; color: #000000; background-color: transparent; font-weight: 400; font-style: normal; font-variant: normal; text-decoration: none; vertical-align: baseline; white-space: pre-wrap;\">De qualquer forma, \u00e9 necess\u00e1rio que se formule um requerimento administrativo perante o INSS, ocasi\u00e3o em que o segurado dever\u00e1 apresentar todos os documentos que disponha para comprovar o labor exercido na condi\u00e7\u00e3o de trabalhador urbano e rural.\u00a0<\/span><\/p>\n<p dir=\"ltr\" style=\"line-height: 1.295;  text-align: justify; margin-top: 0pt; margin-bottom: 8pt;\"><span style=\" font-family: Arial; color: #000000; background-color: transparent; font-weight: 400; font-style: normal; font-variant: normal; text-decoration: none; vertical-align: baseline; white-space: pre-wrap;\">Caso o benef\u00edcio seja indeferido, o segurado poder\u00e1 ingressar com uma a\u00e7\u00e3o previdenci\u00e1ria com a finalidade de demonstrar que preenche os requisitos necess\u00e1rios para receber a aposentadoria. Para tanto, o ideal \u00e9 que contrate advogado especializado em Direito Previdenci\u00e1rio, a fim de evitar qualquer tipo de transtorno.\u00a0<\/span><\/p>\n<p dir=\"ltr\" style=\"line-height: 1.295;  text-align: justify; margin-top: 0pt; margin-bottom: 8pt;\"><span style=\" font-family: Arial; color: #000000; background-color: transparent; font-weight: 400; font-style: normal; font-variant: normal; text-decoration: none; vertical-align: baseline; white-space: pre-wrap;\">O valor do benef\u00edcio da aposentadoria rural e urbana \u00e9 dessemelhante para quem conquistou o direito at\u00e9 13\/11\/2019 e para quem s\u00f3 alcan\u00e7ou os requisitos ap\u00f3s a Reforma da Previd\u00eancia.<\/span><\/p>\n<p dir=\"ltr\" style=\"line-height: 1.295;  text-align: justify; margin-top: 0pt; margin-bottom: 8pt;\"><span style=\" font-family: Arial; color: #000000; background-color: transparent; font-weight: 400; font-style: normal; font-variant: normal; text-decoration: none; vertical-align: baseline; white-space: pre-wrap;\">Para quem j\u00e1 possui o direito adquirido, vale o c\u00e1lculo antigo: 70% + 1% por ano de contribui\u00e7\u00e3o sobre a m\u00e9dia dos 80% maiores sal\u00e1rios.<\/span><\/p>\n<p dir=\"ltr\" style=\"line-height: 1.295;  text-align: justify; margin-top: 0pt; margin-bottom: 8pt;\"><span style=\" font-family: Arial; color: #000000; background-color: transparent; font-weight: 400; font-style: normal; font-variant: normal; text-decoration: none; vertical-align: baseline; white-space: pre-wrap;\">Para quem vai se aposentar com as novas regras, o c\u00e1lculo muda: 60% + 2% por ano que exceder 20 anos de contribui\u00e7\u00e3o para homens e 15 anos para mulheres sobre a m\u00e9dia de todos os sal\u00e1rios recebidos durante a vida.<\/span><\/p>\n<p dir=\"ltr\" style=\"line-height: 1.295;  text-align: justify; margin-top: 0pt; margin-bottom: 8pt;\"><span style=\" font-family: Arial; color: #000000; background-color: transparent; font-weight: 400; font-style: normal; font-variant: normal; text-decoration: none; vertical-align: baseline; white-space: pre-wrap;\">Portanto, n\u00e3o h\u00e1 d\u00favidas de que\u00a0 \u00e9 importante contar com os servi\u00e7os de um advogado previdenci\u00e1rio para conduzir a solicita\u00e7\u00e3o de aposentadoria rural e urbana, a fim de garantir seus direitos e, principalmente, para avaliar se a situa\u00e7\u00e3o do segurado \u00e9 vantajosa, a ponto de requerer a aposentadoria por idade h\u00edbrida, haja vista as altera\u00e7\u00f5es introduzidas pela Reforma da Previd\u00eancia.<\/span><\/p>\t\t\t\t\t\t<\/div>\n\t\t\t\t<\/div>\n\t\t\t\t\t<\/div>\n\t\t<\/div>\n\t\t\t\t\t\t\t<\/div>\n\t\t<\/section>\n\t\t\t\t\t\t\t<\/div>\n\t\t","protected":false},"excerpt":{"rendered":"<p>A aposentadoria por idade h\u00edbrida, tamb\u00e9m conhecida como aposentadoria mista,&hellip;<\/p>\n<p> <a class=\"more-link\" href=\"https:\/\/ruyeassociados.com.br\/?work=aposentadoria-por-idade-hibrida\">Leia mais<\/a><\/p>\n","protected":false},"featured_media":12683,"comment_status":"closed","ping_status":"closed","template":"","_links":{"self":[{"href":"https:\/\/ruyeassociados.com.br\/index.php?rest_route=\/wp\/v2\/work\/12118"}],"collection":[{"href":"https:\/\/ruyeassociados.com.br\/index.php?rest_route=\/wp\/v2\/work"}],"about":[{"href":"https:\/\/ruyeassociados.com.br\/index.php?rest_route=\/wp\/v2\/types\/work"}],"replies":[{"embeddable":true,"href":"https:\/\/ruyeassociados.com.br\/index.php?rest_route=%2Fwp%2Fv2%2Fcomments&post=12118"}],"version-history":[{"count":11,"href":"https:\/\/ruyeassociados.com.br\/index.php?rest_route=\/wp\/v2\/work\/12118\/revisions"}],"predecessor-version":[{"id":12690,"href":"https:\/\/ruyeassociados.com.br\/index.php?rest_route=\/wp\/v2\/work\/12118\/revisions\/12690"}],"wp:featuredmedia":[{"embeddable":true,"href":"https:\/\/ruyeassociados.com.br\/index.php?rest_route=\/wp\/v2\/media\/12683"}],"wp:attachment":[{"href":"https:\/\/ruyeassociados.com.br\/index.php?rest_route=%2Fwp%2Fv2%2Fmedia&parent=12118"}],"curies":[{"name":"wp","href":"https:\/\/api.w.org\/{rel}","templated":true}]}}

APOSENTADORIA POR IDADE HÍBRIDA

<div data-elementor-type="wp-post" data-elementor-id="12118" class="elementor elementor-12118">
									<section class="elementor-section elementor-top-section elementor-element elementor-element-44619d8 elementor-section-boxed elementor-section-height-default elementor-section-height-default" data-id="44619d8" data-element_type="section">
						<div class="elementor-container elementor-column-gap-default">
					<div class="elementor-column elementor-col-100 elementor-top-column elementor-element elementor-element-b740ea3" data-id="b740ea3" data-element_type="column">
			<div class="elementor-widget-wrap elementor-element-populated">
								<div class="elementor-element elementor-element-43ad8be elementor-invisible elementor-widget elementor-widget-text-editor" data-id="43ad8be" data-element_type="widget" data-settings="{&quot;_animation&quot;:&quot;fadeIn&quot;}" data-widget_type="text-editor.default">
				<div class="elementor-widget-container">
			<style>/*! elementor - v3.7.7 - 20-09-2022 */
.elementor-widget-text-editor.elementor-drop-cap-view-stacked .elementor-drop-cap{background-color:#818a91;color:#fff}.elementor-widget-text-editor.elementor-drop-cap-view-framed .elementor-drop-cap{color:#818a91;border:3px solid;background-color:transparent}.elementor-widget-text-editor:not(.elementor-drop-cap-view-default) .elementor-drop-cap{margin-top:8px}.elementor-widget-text-editor:not(.elementor-drop-cap-view-default) .elementor-drop-cap-letter{width:1em;height:1em}.elementor-widget-text-editor .elementor-drop-cap{float:left;text-align:center;line-height:1;font-size:50px}.elementor-widget-text-editor .elementor-drop-cap-letter{display:inline-block}</style>				<p dir="ltr" style="line-height: 1.295; text-align: justify; margin-top: 0pt; margin-bottom: 8pt;"><span style=" font-family: Arial; color: #000000; background-color: transparent; font-weight: 400; font-style: normal; font-variant: normal; text-decoration: none; vertical-align: baseline; white-space: pre-wrap;">A aposentadoria por idade híbrida, também conhecida como aposentadoria mista, é uma modalidade de benefício concebida pela Lei n°. 11.718/08, a qual deu nova redação ao art. 48, da Lei 8.213/91, de modo a possibilitar  a soma do tempo de trabalho urbano e rural, a fim de atingir o direito à aposentadoria. </span></p>
<p dir="ltr" style="line-height: 1.295; text-align: justify; margin-top: 0pt; margin-bottom: 8pt;"><span style=" font-family: Arial; color: #000000; background-color: transparent; font-weight: 400; font-style: normal; font-variant: normal; text-decoration: none; vertical-align: baseline; white-space: pre-wrap;">Normalmente, ela é concedida a trabalhadores que começaram a desempenhar atividade laboral e, depois migraram para a cidade, passando a trabalhar exercer atividade urbana. </span></p>
<p dir="ltr" style="line-height: 1.295; text-align: justify; margin-top: 0pt; margin-bottom: 8pt;"><span style=" font-family: Arial; color: #000000; background-color: transparent; font-weight: 400; font-style: normal; font-variant: normal; text-decoration: none; vertical-align: baseline; white-space: pre-wrap;">Antes da Reforma da Previdência, ocorrida no ano de 2019, podiam recorrer a tal benefício os trabalhadores que demonstrarem preencher os seguintes requisitos: 1) idade mínima de 65 (sessenta e cinco) anos para homens e, 60 (sessenta) anos para mulheres; 2) Carência de 180 (cento e oitenta meses); 3) comprovação das atividades urbanas e rurais. </span></p>
<p dir="ltr" style="line-height: 1.295; text-align: justify; margin-top: 0pt; margin-bottom: 8pt;"><span style=" font-family: Arial; color: #000000; background-color: transparent; font-weight: 400; font-style: normal; font-variant: normal; text-decoration: none; vertical-align: baseline; white-space: pre-wrap;">Entretanto, com a vigência da Emenda Constitucional n°. 103/2019, houve alteração dessas regras, passando a ser necessário que a pessoa demonstre o preenchimento dos seguintes requisitos: 1) Idade mínima de 65 (sessenta e cinco) anos e 20 anos de contribuição para homens e, idade mínima de 62 (sessenta e dois) anos de idade e, 15 anos de contribuição para mulheres.</span></p>
<p dir="ltr" style="line-height: 1.295; text-align: justify; margin-top: 0pt; margin-bottom: 8pt;"><span style=" font-family: Arial; color: #000000; background-color: transparent; font-weight: 400; font-style: normal; font-variant: normal; text-decoration: none; vertical-align: baseline; white-space: pre-wrap;">Por oportuno, vale lembrar que o período de carência é o número mínimo de contribuições mensais necessárias para obter o benefício, enquanto o tempo de contribuição é o período exato entre a data de início e término da atividade remunerada exercida.</span></p>
<p dir="ltr" style="line-height: 1.295; text-align: justify; margin-top: 0pt; margin-bottom: 8pt;"><span style=" font-family: Arial; color: #000000; background-color: transparent; font-weight: 400; font-style: normal; font-variant: normal; text-decoration: none; vertical-align: baseline; white-space: pre-wrap;">Dessa forma, é necessário comprovar o tempo de trabalho com as contribuições urbanas e, documentos que demonstrem o tempo de trabalho rural, de maneira que o segurado deve ser muito bem orientado por profissional capacitado, a fim de que tenha maiores chances de receber a aposentadoria, principalmente, por meio da apresentação dos documentos necessários. </span></p>
<p dir="ltr" style="line-height: 1.295; text-align: justify; margin-top: 0pt; margin-bottom: 8pt;"><span style=" font-family: Arial; color: #000000; background-color: transparent; font-weight: 400; font-style: normal; font-variant: normal; text-decoration: none; vertical-align: baseline; white-space: pre-wrap;">Isso porque, normalmente são necessários documentos específicos para comprovação do tempo de trabalho e contribuição. </span></p>
<p dir="ltr" style="line-height: 1.295; text-align: justify; margin-top: 0pt; margin-bottom: 8pt;"><span style=" font-family: Arial; color: #000000; background-color: transparent; font-weight: 400; font-style: normal; font-variant: normal; text-decoration: none; vertical-align: baseline; white-space: pre-wrap;">De qualquer forma, é necessário que se formule um requerimento administrativo perante o INSS, ocasião em que o segurado deverá apresentar todos os documentos que disponha para comprovar o labor exercido na condição de trabalhador urbano e rural. </span></p>
<p dir="ltr" style="line-height: 1.295;  text-align: justify; margin-top: 0pt; margin-bottom: 8pt;"><span style=" font-family: Arial; color: #000000; background-color: transparent; font-weight: 400; font-style: normal; font-variant: normal; text-decoration: none; vertical-align: baseline; white-space: pre-wrap;">Caso o benefício seja indeferido, o segurado poderá ingressar com uma ação previdenciária com a finalidade de demonstrar que preenche os requisitos necessários para receber a aposentadoria. Para tanto, o ideal é que contrate advogado especializado em Direito Previdenciário, a fim de evitar qualquer tipo de transtorno. </span></p>
<p dir="ltr" style="line-height: 1.295;  text-align: justify; margin-top: 0pt; margin-bottom: 8pt;"><span style=" font-family: Arial; color: #000000; background-color: transparent; font-weight: 400; font-style: normal; font-variant: normal; text-decoration: none; vertical-align: baseline; white-space: pre-wrap;">O valor do benefício da aposentadoria rural e urbana é dessemelhante para quem conquistou o direito até 13/11/2019 e para quem só alcançou os requisitos após a Reforma da Previdência.</span></p>
<p dir="ltr" style="line-height: 1.295;  text-align: justify; margin-top: 0pt; margin-bottom: 8pt;"><span style=" font-family: Arial; color: #000000; background-color: transparent; font-weight: 400; font-style: normal; font-variant: normal; text-decoration: none; vertical-align: baseline; white-space: pre-wrap;">Para quem já possui o direito adquirido, vale o cálculo antigo: 70% + 1% por ano de contribuição sobre a média dos 80% maiores salários.</span></p>
<p dir="ltr" style="line-height: 1.295;  text-align: justify; margin-top: 0pt; margin-bottom: 8pt;"><span style=" font-family: Arial; color: #000000; background-color: transparent; font-weight: 400; font-style: normal; font-variant: normal; text-decoration: none; vertical-align: baseline; white-space: pre-wrap;">Para quem vai se aposentar com as novas regras, o cálculo muda: 60% + 2% por ano que exceder 20 anos de contribuição para homens e 15 anos para mulheres sobre a média de todos os salários recebidos durante a vida.</span></p>
<p dir="ltr" style="line-height: 1.295;  text-align: justify; margin-top: 0pt; margin-bottom: 8pt;"><span style=" font-family: Arial; color: #000000; background-color: transparent; font-weight: 400; font-style: normal; font-variant: normal; text-decoration: none; vertical-align: baseline; white-space: pre-wrap;">Portanto, não há dúvidas de que  é importante contar com os serviços de um advogado previdenciário para conduzir a solicitação de aposentadoria rural e urbana, a fim de garantir seus direitos e, principalmente, para avaliar se a situação do segurado é vantajosa, a ponto de requerer a aposentadoria por idade híbrida, haja vista as alterações introduzidas pela Reforma da Previdência.</span></p>						</div>
				</div>
					</div>
		</div>
							</div>
		</section>
							</div>

<p>A aposentadoria por idade híbrida, também conhecida como aposentadoria mista,&hellip;</p>
<p> <a class="more-link" href="https://ruyeassociados.com.br/?work=aposentadoria-por-idade-hibrida">Leia mais</a></p>
