{"id":12117,"date":"2022-01-27T20:34:48","date_gmt":"2022-01-27T23:34:48","guid":{"rendered":"http:\/\/ruyeassociados.com.br\/?post_type=work&#038;p=12117"},"modified":"2022-02-09T00:17:34","modified_gmt":"2022-02-09T03:17:34","slug":"aposentadoria-por-idade","status":"publish","type":"work","link":"https:\/\/ruyeassociados.com.br\/?work=aposentadoria-por-idade","title":{"rendered":"APOSENTADORIA POR IDADE"},"content":{"rendered":"\t\t<div data-elementor-type=\"wp-post\" data-elementor-id=\"12117\" class=\"elementor elementor-12117\">\n\t\t\t\t\t\t\t\t\t<section class=\"elementor-section elementor-top-section elementor-element elementor-element-4ae8f64 elementor-section-boxed elementor-section-height-default elementor-section-height-default\" data-id=\"4ae8f64\" data-element_type=\"section\">\n\t\t\t\t\t\t<div class=\"elementor-container elementor-column-gap-default\">\n\t\t\t\t\t<div class=\"elementor-column elementor-col-100 elementor-top-column elementor-element elementor-element-ff5d105\" data-id=\"ff5d105\" data-element_type=\"column\">\n\t\t\t<div class=\"elementor-widget-wrap elementor-element-populated\">\n\t\t\t\t\t\t\t\t<div class=\"elementor-element elementor-element-79891c1 elementor-invisible elementor-widget elementor-widget-text-editor\" data-id=\"79891c1\" data-element_type=\"widget\" data-settings=\"{&quot;_animation&quot;:&quot;fadeIn&quot;}\" data-widget_type=\"text-editor.default\">\n\t\t\t\t<div class=\"elementor-widget-container\">\n\t\t\t<style>\/*! elementor - v3.7.7 - 20-09-2022 *\/\n.elementor-widget-text-editor.elementor-drop-cap-view-stacked .elementor-drop-cap{background-color:#818a91;color:#fff}.elementor-widget-text-editor.elementor-drop-cap-view-framed .elementor-drop-cap{color:#818a91;border:3px solid;background-color:transparent}.elementor-widget-text-editor:not(.elementor-drop-cap-view-default) .elementor-drop-cap{margin-top:8px}.elementor-widget-text-editor:not(.elementor-drop-cap-view-default) .elementor-drop-cap-letter{width:1em;height:1em}.elementor-widget-text-editor .elementor-drop-cap{float:left;text-align:center;line-height:1;font-size:50px}.elementor-widget-text-editor .elementor-drop-cap-letter{display:inline-block}<\/style>\t\t\t\t<p dir=\"ltr\" style=\"line-height: 1.295; text-align: justify; margin-top: 0pt; margin-bottom: 8pt;\"><span style=\" font-family: Arial; color: #000000; background-color: transparent; font-weight: 400; font-style: normal; font-variant: normal; text-decoration: none; vertical-align: baseline; white-space: pre-wrap;\">A aposentadoria por idade \u00e9 o benef\u00edcio que visa garantir prote\u00e7\u00e3o previdenci\u00e1ria ao segurado que completar 65 anos de idade e mais de 20 anos de contribui\u00e7\u00e3o, se homem, e 60 anos de idade<\/span> <span style=\" font-family: Arial; color: #000000; background-color: transparent; font-weight: 400; font-style: normal; font-variant: normal; text-decoration: none; vertical-align: baseline; white-space: pre-wrap;\">aumentando anualmente 6 meses at\u00e9 chegar em 62 anos e mais 15 anos de contribui\u00e7\u00e3o, se mulher.\u00a0<\/span><\/p>\n<p dir=\"ltr\" style=\"line-height: 1.295; text-align: justify; margin-top: 0pt; margin-bottom: 8pt;\"><span style=\" font-family: Arial; color: #000000; background-color: transparent; font-weight: 400; font-style: normal; font-variant: normal; text-decoration: none; vertical-align: baseline; white-space: pre-wrap;\">Assim, o benef\u00edcio somente \u00e9 concedido se o segurado atingir a idade m\u00ednima exigida por lei.\u00a0<\/span><\/p>\n<p dir=\"ltr\" style=\"line-height: 1.295;text-align: justify; margin-top: 0pt; margin-bottom: 8pt;\"><span style=\" font-family: Arial; color: #000000; background-color: transparent; font-weight: 400; font-style: normal; font-variant: normal; text-decoration: none; vertical-align: baseline; white-space: pre-wrap;\">Portanto, ap\u00f3s a Reforma da Previd\u00eancia, restou alterado o requisito 180 (cento e oitenta) contribui\u00e7\u00f5es de car\u00eancia para 15 (quinze) ano de tempo de contribui\u00e7\u00e3o, al\u00e9m de aumentar a idade para as mulheres para 62 (sessenta e dois) anos a partir de 2023, visto que esse acr\u00e9scimo se iniciou a partir de 01\/01\/2020.<\/span><\/p>\n<p dir=\"ltr\" style=\"line-height: 1.295;text-align: justify; margin-top: 0pt; margin-bottom: 8pt;\"><span style=\" font-family: Arial; color: #000000; background-color: transparent; font-weight: 400; font-style: normal; font-variant: normal; text-decoration: none; vertical-align: baseline; white-space: pre-wrap;\">Igualmente, a regra permanente do atual texto elevou o tempo de contribui\u00e7\u00e3o dos homens para 20 (vinte) anos de tempo de contribui\u00e7\u00e3o.\u00a0<\/span><\/p>\n<p dir=\"ltr\" style=\"line-height: 1.295;text-align: justify; margin-top: 0pt; margin-bottom: 8pt;\"><span style=\" font-family: Arial; color: #000000; background-color: transparent; font-weight: 400; font-style: normal; font-variant: normal; text-decoration: none; vertical-align: baseline; white-space: pre-wrap;\">O valor do benef\u00edcio corresponde a 70% do valor do sal\u00e1rio-de-benef\u00edcio, com acr\u00e9scimo de 1% para cada ano de contribui\u00e7\u00e3o do segurado, n\u00e3o podendo ultrapassar o limite de 100% do sal\u00e1rio-de-benef\u00edcio.<\/span><\/p>\n<p dir=\"ltr\" style=\"line-height: 1.295;text-align: justify; margin-top: 0pt; margin-bottom: 8pt;\"><span style=\" font-family: Arial; color: #000000; background-color: transparent; font-weight: 400; font-style: normal; font-variant: normal; text-decoration: none; vertical-align: baseline; white-space: pre-wrap;\">Primeiramente \u00e9 preciso realizar o ingresso do requerimento no INSS, atrav\u00e9s de agendamento e, caso o INSS negue o benef\u00edcio, o segurado dever\u00e1 procurar um advogado para avaliar a possibilidade de ingressar junto ao Poder Judici\u00e1rio (Justi\u00e7a) para obten\u00e7\u00e3o do benef\u00edcio, ocasi\u00e3o em que poder\u00e1 reverter a decis\u00e3o que indeferiu o pedido na esfera administrativa, a fim de receber o benef\u00edcio.<\/span><\/p>\t\t\t\t\t\t<\/div>\n\t\t\t\t<\/div>\n\t\t\t\t\t<\/div>\n\t\t<\/div>\n\t\t\t\t\t\t\t<\/div>\n\t\t<\/section>\n\t\t\t\t\t\t\t<\/div>\n\t\t","protected":false},"excerpt":{"rendered":"<p>A aposentadoria por idade \u00e9 o benef\u00edcio que visa garantir&hellip;<\/p>\n<p> <a class=\"more-link\" href=\"https:\/\/ruyeassociados.com.br\/?work=aposentadoria-por-idade\">Leia mais<\/a><\/p>\n","protected":false},"featured_media":12691,"comment_status":"closed","ping_status":"closed","template":"","_links":{"self":[{"href":"https:\/\/ruyeassociados.com.br\/index.php?rest_route=\/wp\/v2\/work\/12117"}],"collection":[{"href":"https:\/\/ruyeassociados.com.br\/index.php?rest_route=\/wp\/v2\/work"}],"about":[{"href":"https:\/\/ruyeassociados.com.br\/index.php?rest_route=\/wp\/v2\/types\/work"}],"replies":[{"embeddable":true,"href":"https:\/\/ruyeassociados.com.br\/index.php?rest_route=%2Fwp%2Fv2%2Fcomments&post=12117"}],"version-history":[{"count":11,"href":"https:\/\/ruyeassociados.com.br\/index.php?rest_route=\/wp\/v2\/work\/12117\/revisions"}],"predecessor-version":[{"id":12698,"href":"https:\/\/ruyeassociados.com.br\/index.php?rest_route=\/wp\/v2\/work\/12117\/revisions\/12698"}],"wp:featuredmedia":[{"embeddable":true,"href":"https:\/\/ruyeassociados.com.br\/index.php?rest_route=\/wp\/v2\/media\/12691"}],"wp:attachment":[{"href":"https:\/\/ruyeassociados.com.br\/index.php?rest_route=%2Fwp%2Fv2%2Fmedia&parent=12117"}],"curies":[{"name":"wp","href":"https:\/\/api.w.org\/{rel}","templated":true}]}}

<div data-elementor-type="wp-post" data-elementor-id="12117" class="elementor elementor-12117">
									<section class="elementor-section elementor-top-section elementor-element elementor-element-4ae8f64 elementor-section-boxed elementor-section-height-default elementor-section-height-default" data-id="4ae8f64" data-element_type="section">
						<div class="elementor-container elementor-column-gap-default">
					<div class="elementor-column elementor-col-100 elementor-top-column elementor-element elementor-element-ff5d105" data-id="ff5d105" data-element_type="column">
			<div class="elementor-widget-wrap elementor-element-populated">
								<div class="elementor-element elementor-element-79891c1 elementor-invisible elementor-widget elementor-widget-text-editor" data-id="79891c1" data-element_type="widget" data-settings="{&quot;_animation&quot;:&quot;fadeIn&quot;}" data-widget_type="text-editor.default">
				<div class="elementor-widget-container">
			<style>/*! elementor - v3.7.7 - 20-09-2022 */
.elementor-widget-text-editor.elementor-drop-cap-view-stacked .elementor-drop-cap{background-color:#818a91;color:#fff}.elementor-widget-text-editor.elementor-drop-cap-view-framed .elementor-drop-cap{color:#818a91;border:3px solid;background-color:transparent}.elementor-widget-text-editor:not(.elementor-drop-cap-view-default) .elementor-drop-cap{margin-top:8px}.elementor-widget-text-editor:not(.elementor-drop-cap-view-default) .elementor-drop-cap-letter{width:1em;height:1em}.elementor-widget-text-editor .elementor-drop-cap{float:left;text-align:center;line-height:1;font-size:50px}.elementor-widget-text-editor .elementor-drop-cap-letter{display:inline-block}</style>				<p dir="ltr" style="line-height: 1.295; text-align: justify; margin-top: 0pt; margin-bottom: 8pt;"><span style=" font-family: Arial; color: #000000; background-color: transparent; font-weight: 400; font-style: normal; font-variant: normal; text-decoration: none; vertical-align: baseline; white-space: pre-wrap;">A aposentadoria por idade é o benefício que visa garantir proteção previdenciária ao segurado que completar 65 anos de idade e mais de 20 anos de contribuição, se homem, e 60 anos de idade</span> <span style=" font-family: Arial; color: #000000; background-color: transparent; font-weight: 400; font-style: normal; font-variant: normal; text-decoration: none; vertical-align: baseline; white-space: pre-wrap;">aumentando anualmente 6 meses até chegar em 62 anos e mais 15 anos de contribuição, se mulher. </span></p>
<p dir="ltr" style="line-height: 1.295; text-align: justify; margin-top: 0pt; margin-bottom: 8pt;"><span style=" font-family: Arial; color: #000000; background-color: transparent; font-weight: 400; font-style: normal; font-variant: normal; text-decoration: none; vertical-align: baseline; white-space: pre-wrap;">Assim, o benefício somente é concedido se o segurado atingir a idade mínima exigida por lei. </span></p>
<p dir="ltr" style="line-height: 1.295;text-align: justify; margin-top: 0pt; margin-bottom: 8pt;"><span style=" font-family: Arial; color: #000000; background-color: transparent; font-weight: 400; font-style: normal; font-variant: normal; text-decoration: none; vertical-align: baseline; white-space: pre-wrap;">Portanto, após a Reforma da Previdência, restou alterado o requisito 180 (cento e oitenta) contribuições de carência para 15 (quinze) ano de tempo de contribuição, além de aumentar a idade para as mulheres para 62 (sessenta e dois) anos a partir de 2023, visto que esse acréscimo se iniciou a partir de 01/01/2020.</span></p>
<p dir="ltr" style="line-height: 1.295;text-align: justify; margin-top: 0pt; margin-bottom: 8pt;"><span style=" font-family: Arial; color: #000000; background-color: transparent; font-weight: 400; font-style: normal; font-variant: normal; text-decoration: none; vertical-align: baseline; white-space: pre-wrap;">Igualmente, a regra permanente do atual texto elevou o tempo de contribuição dos homens para 20 (vinte) anos de tempo de contribuição. </span></p>
<p dir="ltr" style="line-height: 1.295;text-align: justify; margin-top: 0pt; margin-bottom: 8pt;"><span style=" font-family: Arial; color: #000000; background-color: transparent; font-weight: 400; font-style: normal; font-variant: normal; text-decoration: none; vertical-align: baseline; white-space: pre-wrap;">O valor do benefício corresponde a 70% do valor do salário-de-benefício, com acréscimo de 1% para cada ano de contribuição do segurado, não podendo ultrapassar o limite de 100% do salário-de-benefício.</span></p>
<p dir="ltr" style="line-height: 1.295;text-align: justify; margin-top: 0pt; margin-bottom: 8pt;"><span style=" font-family: Arial; color: #000000; background-color: transparent; font-weight: 400; font-style: normal; font-variant: normal; text-decoration: none; vertical-align: baseline; white-space: pre-wrap;">Primeiramente é preciso realizar o ingresso do requerimento no INSS, através de agendamento e, caso o INSS negue o benefício, o segurado deverá procurar um advogado para avaliar a possibilidade de ingressar junto ao Poder Judiciário (Justiça) para obtenção do benefício, ocasião em que poderá reverter a decisão que indeferiu o pedido na esfera administrativa, a fim de receber o benefício.</span></p>						</div>
				</div>
					</div>
		</div>
							</div>
		</section>
							</div>

<p>A aposentadoria por idade é o benefício que visa garantir&hellip;</p>
<p> <a class="more-link" href="https://ruyeassociados.com.br/?work=aposentadoria-por-idade">Leia mais</a></p>
