{"id":12114,"date":"2022-01-27T20:34:48","date_gmt":"2022-01-27T23:34:48","guid":{"rendered":"http:\/\/ruyeassociados.com.br\/?post_type=work&#038;p=12114"},"modified":"2024-05-07T09:51:45","modified_gmt":"2024-05-07T12:51:45","slug":"aposentadoria-por-invalidez-beneficio-por-incapacidade-permanente","status":"publish","type":"work","link":"https:\/\/ruyeassociados.com.br\/?work=aposentadoria-por-invalidez-beneficio-por-incapacidade-permanente","title":{"rendered":"APOSENTADORIA POR INVALIDEZ"},"content":{"rendered":"\t\t<div data-elementor-type=\"wp-post\" data-elementor-id=\"12114\" class=\"elementor elementor-12114\">\n\t\t\t\t\t\t\t\t\t<section class=\"elementor-section elementor-top-section elementor-element elementor-element-157d3832 elementor-section-boxed elementor-section-height-default elementor-section-height-default\" data-id=\"157d3832\" data-element_type=\"section\">\n\t\t\t\t\t\t<div class=\"elementor-container elementor-column-gap-default\">\n\t\t\t\t\t<div class=\"elementor-column elementor-col-100 elementor-top-column elementor-element elementor-element-1ae194bb\" data-id=\"1ae194bb\" data-element_type=\"column\">\n\t\t\t<div class=\"elementor-widget-wrap elementor-element-populated\">\n\t\t\t\t\t\t\t\t<div class=\"elementor-element elementor-element-432dd48 elementor-invisible elementor-widget elementor-widget-heading\" data-id=\"432dd48\" data-element_type=\"widget\" data-settings=\"{&quot;_animation&quot;:&quot;fadeInDown&quot;}\" data-widget_type=\"heading.default\">\n\t\t\t\t<div class=\"elementor-widget-container\">\n\t\t\t<style>\/*! elementor - v3.7.7 - 20-09-2022 *\/\n.elementor-heading-title{padding:0;margin:0;line-height:1}.elementor-widget-heading .elementor-heading-title[class*=elementor-size-]>a{color:inherit;font-size:inherit;line-height:inherit}.elementor-widget-heading .elementor-heading-title.elementor-size-small{font-size:15px}.elementor-widget-heading .elementor-heading-title.elementor-size-medium{font-size:19px}.elementor-widget-heading .elementor-heading-title.elementor-size-large{font-size:29px}.elementor-widget-heading .elementor-heading-title.elementor-size-xl{font-size:39px}.elementor-widget-heading .elementor-heading-title.elementor-size-xxl{font-size:59px}<\/style><h3 class=\"elementor-heading-title elementor-size-default\">BENEF\u00cdCIO POR INCAPACIDADE PERMANENTE<\/h3>\t\t<\/div>\n\t\t\t\t<\/div>\n\t\t\t\t<div class=\"elementor-element elementor-element-621f3f50 elementor-invisible elementor-widget elementor-widget-text-editor\" data-id=\"621f3f50\" data-element_type=\"widget\" data-settings=\"{&quot;_animation&quot;:&quot;fadeIn&quot;}\" data-widget_type=\"text-editor.default\">\n\t\t\t\t<div class=\"elementor-widget-container\">\n\t\t\t<style>\/*! elementor - v3.7.7 - 20-09-2022 *\/\n.elementor-widget-text-editor.elementor-drop-cap-view-stacked .elementor-drop-cap{background-color:#818a91;color:#fff}.elementor-widget-text-editor.elementor-drop-cap-view-framed .elementor-drop-cap{color:#818a91;border:3px solid;background-color:transparent}.elementor-widget-text-editor:not(.elementor-drop-cap-view-default) .elementor-drop-cap{margin-top:8px}.elementor-widget-text-editor:not(.elementor-drop-cap-view-default) .elementor-drop-cap-letter{width:1em;height:1em}.elementor-widget-text-editor .elementor-drop-cap{float:left;text-align:center;line-height:1;font-size:50px}.elementor-widget-text-editor .elementor-drop-cap-letter{display:inline-block}<\/style>\t\t\t\t<p dir=\"ltr\" style=\"line-height: 1.295; text-align: justify; margin-top: 0pt; margin-bottom: 8pt;\"><span style=\"font-family: Arial; color: #000000; background-color: transparent; font-weight: 400; font-style: normal; font-variant: normal; text-decoration: none; vertical-align: baseline; white-space: pre-wrap;\">\u00c9 um benef\u00edcio devido ao trabalhador permanentemente incapaz de exercer qualquer atividade laboral e que n\u00e3o pode ser reabilitado em outra profiss\u00e3o, ap\u00f3s submeter-se a uma per\u00edcia m\u00e9dica pelo INSS.<\/span><\/p>\n<p dir=\"ltr\" style=\"line-height: 1.295;  text-align: justify; margin-top: 0pt; margin-bottom: 8pt;\"><span style=\"font-family: Arial; color: #000000; background-color: transparent; font-weight: 400; font-style: normal; font-variant: normal; text-decoration: none; vertical-align: baseline; white-space: pre-wrap;\">O benef\u00edcio \u00e9 pago enquanto perdurar a invalidez e o segurado pode ser reavaliado pelo INSS a cada dois anos.\u00a0\u00a0<\/span><\/p>\n<p dir=\"ltr\" style=\"line-height: 1.295;  text-align: justify; margin-top: 0pt; margin-bottom: 8pt;\"><span style=\"font-family: Arial; color: #000000; background-color: transparent; font-weight: 400; font-style: normal; font-variant: normal; text-decoration: none; vertical-align: baseline; white-space: pre-wrap;\">De in\u00edcio o cidad\u00e3o deve requerer um aux\u00edlio-doen\u00e7a, o qual exige a presen\u00e7a dos mesmos requisitos da aposentadoria por invalidez. Acaso seja constatada a incapacidade permanente para o trabalho, sem possibilidade de reabilita\u00e7\u00e3o para outra fun\u00e7\u00e3o, a aposentaria por invalidez ser\u00e1 indicada.\u00a0<\/span><\/p>\n<p dir=\"ltr\" style=\"line-height: 1.295;  text-align: justify; margin-top: 0pt; margin-bottom: 8pt;\"><span style=\"font-family: Arial; color: #000000; background-color: transparent; font-weight: bold; font-style: normal; font-variant: normal; text-decoration: none; vertical-align: baseline; white-space: pre-wrap;\">Contudo, na hip\u00f3tese de o INSS n\u00e3o conceder o benef\u00edcio, o segurado dever\u00e1 procurar um advogado para avaliar a possibilidade de ingressar junto ao Poder Judici\u00e1rio (Justi\u00e7a) para obten\u00e7\u00e3o do benef\u00edcio, caso em que ser\u00e1 submetido a uma nova per\u00edcia.\u00a0<\/span><\/p>\n<p dir=\"ltr\" style=\"line-height: 1.295;  text-align: justify; margin-top: 0pt; margin-bottom: 8pt;\"><span style=\" font-family: Arial; color: #000000; background-color: transparent; font-weight: 400; font-style: normal; font-variant: normal; text-decoration: none; vertical-align: baseline; white-space: pre-wrap;\">A doen\u00e7a que tornou o trabalhador incapacitado para o trabalho dever\u00e1 ser anterior \u00e0 sua filia\u00e7\u00e3o Previdenci\u00e1ria, sendo que a car\u00eancia (tempo m\u00ednimo de contribui\u00e7\u00e3o) \u00e9 de 12 (doze) meses.<\/span><\/p>\n<p dir=\"ltr\" style=\"line-height: 1.295;  text-align: justify; margin-top: 0pt; margin-bottom: 8pt;\"><span style=\" font-family: Arial; color: #000000; background-color: transparent; font-weight: 400; font-style: normal; font-variant: normal; text-decoration: none; vertical-align: baseline; white-space: pre-wrap;\">Eventualmente pode haver um adicional de 25% (vinte e cinco por cento) sobre o valor do benef\u00edcio na hip\u00f3tese de o aposentado necessitar de assist\u00eancia permanente de outra pessoa.\u00a0<\/span><\/p>\n<p dir=\"ltr\" style=\"line-height: 1.295;  text-align: justify; margin-top: 0pt; margin-bottom: 8pt;\"><span style=\" font-family: Arial; color: #000000; background-color: transparent; font-weight: 400; font-style: normal; font-variant: normal; text-decoration: none; vertical-align: baseline; white-space: pre-wrap;\">O fim do benef\u00edcio ocorre quando o segurado recupera a capacidade de trabalho ou por ocasi\u00e3o do \u00f3bito, caso em que poder\u00e1 ser transferido para a esposa ou algum dependente, conforme o caso.\u00a0\u00a0\u00a0<\/span><\/p>\n<p dir=\"ltr\" style=\"line-height: 1.295;  text-align: justify; margin-top: 0pt; margin-bottom: 8pt;\"><span style=\" font-family: Arial; color: #000000; background-color: transparent; font-weight: 400; font-style: normal; font-variant: normal; text-decoration: none; vertical-align: baseline; white-space: pre-wrap;\">H\u00e1 possibilidade de acr\u00e9scimo de 25% ao valor da aposentadoria por invalidez, no\u00a0caso de o segurado necessitar de assist\u00eancia permanente de terceiros para os atos da vida civil.<\/span><\/p>\t\t\t\t\t\t<\/div>\n\t\t\t\t<\/div>\n\t\t\t\t\t<\/div>\n\t\t<\/div>\n\t\t\t\t\t\t\t<\/div>\n\t\t<\/section>\n\t\t\t\t<section class=\"elementor-section elementor-top-section elementor-element elementor-element-2c68743 elementor-section-boxed elementor-section-height-default elementor-section-height-default\" data-id=\"2c68743\" data-element_type=\"section\">\n\t\t\t\t\t\t<div class=\"elementor-container elementor-column-gap-default\">\n\t\t\t\t\t<div class=\"elementor-column elementor-col-100 elementor-top-column elementor-element elementor-element-8ff2614\" data-id=\"8ff2614\" data-element_type=\"column\">\n\t\t\t<div class=\"elementor-widget-wrap elementor-element-populated\">\n\t\t\t\t\t\t\t\t<div class=\"elementor-element elementor-element-700c1da elementor-view-stacked elementor-widget__width-initial elementor-fixed elementor-shape-circle elementor-widget elementor-widget-icon\" data-id=\"700c1da\" data-element_type=\"widget\" data-settings=\"{&quot;_position&quot;:&quot;fixed&quot;}\" data-widget_type=\"icon.default\">\n\t\t\t\t<div class=\"elementor-widget-container\">\n\t\t\t\t\t<div class=\"elementor-icon-wrapper\">\n\t\t\t<a class=\"elementor-icon\" href=\"https:\/\/api.whatsapp.com\/send?phone=553433369898&#038;text=Ol%C3%A1,%20gostaria%20de%20mais%20informa%C3%A7%C3%B5es%20sobre%20os%20seus%20servi%C3%A7os!\">\n\t\t\t<i aria-hidden=\"true\" class=\"fab fa-whatsapp\"><\/i>\t\t\t<\/a>\n\t\t<\/div>\n\t\t\t\t<\/div>\n\t\t\t\t<\/div>\n\t\t\t\t\t<\/div>\n\t\t<\/div>\n\t\t\t\t\t\t\t<\/div>\n\t\t<\/section>\n\t\t\t\t\t\t\t<\/div>\n\t\t","protected":false},"excerpt":{"rendered":"<p>BENEF\u00cdCIO POR INCAPACIDADE PERMANENTE \u00c9 um benef\u00edcio devido ao trabalhador&hellip;<\/p>\n<p> <a class=\"more-link\" href=\"https:\/\/ruyeassociados.com.br\/?work=aposentadoria-por-invalidez-beneficio-por-incapacidade-permanente\">Leia mais<\/a><\/p>\n","protected":false},"featured_media":12720,"comment_status":"closed","ping_status":"closed","template":"","_links":{"self":[{"href":"https:\/\/ruyeassociados.com.br\/index.php?rest_route=\/wp\/v2\/work\/12114"}],"collection":[{"href":"https:\/\/ruyeassociados.com.br\/index.php?rest_route=\/wp\/v2\/work"}],"about":[{"href":"https:\/\/ruyeassociados.com.br\/index.php?rest_route=\/wp\/v2\/types\/work"}],"replies":[{"embeddable":true,"href":"https:\/\/ruyeassociados.com.br\/index.php?rest_route=%2Fwp%2Fv2%2Fcomments&post=12114"}],"version-history":[{"count":39,"href":"https:\/\/ruyeassociados.com.br\/index.php?rest_route=\/wp\/v2\/work\/12114\/revisions"}],"predecessor-version":[{"id":12971,"href":"https:\/\/ruyeassociados.com.br\/index.php?rest_route=\/wp\/v2\/work\/12114\/revisions\/12971"}],"wp:featuredmedia":[{"embeddable":true,"href":"https:\/\/ruyeassociados.com.br\/index.php?rest_route=\/wp\/v2\/media\/12720"}],"wp:attachment":[{"href":"https:\/\/ruyeassociados.com.br\/index.php?rest_route=%2Fwp%2Fv2%2Fmedia&parent=12114"}],"curies":[{"name":"wp","href":"https:\/\/api.w.org\/{rel}","templated":true}]}}

<div data-elementor-type="wp-post" data-elementor-id="12114" class="elementor elementor-12114">
									<section class="elementor-section elementor-top-section elementor-element elementor-element-157d3832 elementor-section-boxed elementor-section-height-default elementor-section-height-default" data-id="157d3832" data-element_type="section">
						<div class="elementor-container elementor-column-gap-default">
					<div class="elementor-column elementor-col-100 elementor-top-column elementor-element elementor-element-1ae194bb" data-id="1ae194bb" data-element_type="column">
			<div class="elementor-widget-wrap elementor-element-populated">
								<div class="elementor-element elementor-element-432dd48 elementor-invisible elementor-widget elementor-widget-heading" data-id="432dd48" data-element_type="widget" data-settings="{&quot;_animation&quot;:&quot;fadeInDown&quot;}" data-widget_type="heading.default">
				<div class="elementor-widget-container">
			<style>/*! elementor - v3.7.7 - 20-09-2022 */
.elementor-heading-title{padding:0;margin:0;line-height:1}.elementor-widget-heading .elementor-heading-title[class*=elementor-size-]>a{color:inherit;font-size:inherit;line-height:inherit}.elementor-widget-heading .elementor-heading-title.elementor-size-small{font-size:15px}.elementor-widget-heading .elementor-heading-title.elementor-size-medium{font-size:19px}.elementor-widget-heading .elementor-heading-title.elementor-size-large{font-size:29px}.elementor-widget-heading .elementor-heading-title.elementor-size-xl{font-size:39px}.elementor-widget-heading .elementor-heading-title.elementor-size-xxl{font-size:59px}</style><h3 class="elementor-heading-title elementor-size-default">BENEFÍCIO POR INCAPACIDADE PERMANENTE</h3>		</div>
				</div>
				<div class="elementor-element elementor-element-621f3f50 elementor-invisible elementor-widget elementor-widget-text-editor" data-id="621f3f50" data-element_type="widget" data-settings="{&quot;_animation&quot;:&quot;fadeIn&quot;}" data-widget_type="text-editor.default">
				<div class="elementor-widget-container">
			<style>/*! elementor - v3.7.7 - 20-09-2022 */
.elementor-widget-text-editor.elementor-drop-cap-view-stacked .elementor-drop-cap{background-color:#818a91;color:#fff}.elementor-widget-text-editor.elementor-drop-cap-view-framed .elementor-drop-cap{color:#818a91;border:3px solid;background-color:transparent}.elementor-widget-text-editor:not(.elementor-drop-cap-view-default) .elementor-drop-cap{margin-top:8px}.elementor-widget-text-editor:not(.elementor-drop-cap-view-default) .elementor-drop-cap-letter{width:1em;height:1em}.elementor-widget-text-editor .elementor-drop-cap{float:left;text-align:center;line-height:1;font-size:50px}.elementor-widget-text-editor .elementor-drop-cap-letter{display:inline-block}</style>				<p dir="ltr" style="line-height: 1.295; text-align: justify; margin-top: 0pt; margin-bottom: 8pt;"><span style="font-family: Arial; color: #000000; background-color: transparent; font-weight: 400; font-style: normal; font-variant: normal; text-decoration: none; vertical-align: baseline; white-space: pre-wrap;">É um benefício devido ao trabalhador permanentemente incapaz de exercer qualquer atividade laboral e que não pode ser reabilitado em outra profissão, após submeter-se a uma perícia médica pelo INSS.</span></p>
<p dir="ltr" style="line-height: 1.295;  text-align: justify; margin-top: 0pt; margin-bottom: 8pt;"><span style="font-family: Arial; color: #000000; background-color: transparent; font-weight: 400; font-style: normal; font-variant: normal; text-decoration: none; vertical-align: baseline; white-space: pre-wrap;">O benefício é pago enquanto perdurar a invalidez e o segurado pode ser reavaliado pelo INSS a cada dois anos.  </span></p>
<p dir="ltr" style="line-height: 1.295;  text-align: justify; margin-top: 0pt; margin-bottom: 8pt;"><span style="font-family: Arial; color: #000000; background-color: transparent; font-weight: 400; font-style: normal; font-variant: normal; text-decoration: none; vertical-align: baseline; white-space: pre-wrap;">De início o cidadão deve requerer um auxílio-doença, o qual exige a presença dos mesmos requisitos da aposentadoria por invalidez. Acaso seja constatada a incapacidade permanente para o trabalho, sem possibilidade de reabilitação para outra função, a aposentaria por invalidez será indicada. </span></p>
<p dir="ltr" style="line-height: 1.295;  text-align: justify; margin-top: 0pt; margin-bottom: 8pt;"><span style="font-family: Arial; color: #000000; background-color: transparent; font-weight: bold; font-style: normal; font-variant: normal; text-decoration: none; vertical-align: baseline; white-space: pre-wrap;">Contudo, na hipótese de o INSS não conceder o benefício, o segurado deverá procurar um advogado para avaliar a possibilidade de ingressar junto ao Poder Judiciário (Justiça) para obtenção do benefício, caso em que será submetido a uma nova perícia. </span></p>
<p dir="ltr" style="line-height: 1.295;  text-align: justify; margin-top: 0pt; margin-bottom: 8pt;"><span style=" font-family: Arial; color: #000000; background-color: transparent; font-weight: 400; font-style: normal; font-variant: normal; text-decoration: none; vertical-align: baseline; white-space: pre-wrap;">A doença que tornou o trabalhador incapacitado para o trabalho deverá ser anterior à sua filiação Previdenciária, sendo que a carência (tempo mínimo de contribuição) é de 12 (doze) meses.</span></p>
<p dir="ltr" style="line-height: 1.295;  text-align: justify; margin-top: 0pt; margin-bottom: 8pt;"><span style=" font-family: Arial; color: #000000; background-color: transparent; font-weight: 400; font-style: normal; font-variant: normal; text-decoration: none; vertical-align: baseline; white-space: pre-wrap;">Eventualmente pode haver um adicional de 25% (vinte e cinco por cento) sobre o valor do benefício na hipótese de o aposentado necessitar de assistência permanente de outra pessoa. </span></p>
<p dir="ltr" style="line-height: 1.295;  text-align: justify; margin-top: 0pt; margin-bottom: 8pt;"><span style=" font-family: Arial; color: #000000; background-color: transparent; font-weight: 400; font-style: normal; font-variant: normal; text-decoration: none; vertical-align: baseline; white-space: pre-wrap;">O fim do benefício ocorre quando o segurado recupera a capacidade de trabalho ou por ocasião do óbito, caso em que poderá ser transferido para a esposa ou algum dependente, conforme o caso.   </span></p>
<p dir="ltr" style="line-height: 1.295;  text-align: justify; margin-top: 0pt; margin-bottom: 8pt;"><span style=" font-family: Arial; color: #000000; background-color: transparent; font-weight: 400; font-style: normal; font-variant: normal; text-decoration: none; vertical-align: baseline; white-space: pre-wrap;">Há possibilidade de acréscimo de 25% ao valor da aposentadoria por invalidez, no caso de o segurado necessitar de assistência permanente de terceiros para os atos da vida civil.</span></p>						</div>
				</div>
					</div>
		</div>
							</div>
		</section>
				<section class="elementor-section elementor-top-section elementor-element elementor-element-2c68743 elementor-section-boxed elementor-section-height-default elementor-section-height-default" data-id="2c68743" data-element_type="section">
						<div class="elementor-container elementor-column-gap-default">
					<div class="elementor-column elementor-col-100 elementor-top-column elementor-element elementor-element-8ff2614" data-id="8ff2614" data-element_type="column">
			<div class="elementor-widget-wrap elementor-element-populated">
								<div class="elementor-element elementor-element-700c1da elementor-view-stacked elementor-widget__width-initial elementor-fixed elementor-shape-circle elementor-widget elementor-widget-icon" data-id="700c1da" data-element_type="widget" data-settings="{&quot;_position&quot;:&quot;fixed&quot;}" data-widget_type="icon.default">
				<div class="elementor-widget-container">
					<div class="elementor-icon-wrapper">
			<a class="elementor-icon" href="https://api.whatsapp.com/send?phone=553433369898&#038;text=Ol%C3%A1,%20gostaria%20de%20mais%20informa%C3%A7%C3%B5es%20sobre%20os%20seus%20servi%C3%A7os!">
			<i aria-hidden="true" class="fab fa-whatsapp"></i>			</a>
		</div>
				</div>
				</div>
					</div>
		</div>
							</div>
		</section>
							</div>

<p>BENEFÍCIO POR INCAPACIDADE PERMANENTE É um benefício devido ao trabalhador&hellip;</p>
<p> <a class="more-link" href="https://ruyeassociados.com.br/?work=aposentadoria-por-invalidez-beneficio-por-incapacidade-permanente">Leia mais</a></p>
