{"id":12080,"date":"2022-01-25T22:34:19","date_gmt":"2022-01-26T01:34:19","guid":{"rendered":"http:\/\/ruyeassociados.com.br\/?post_type=work&#038;p=12080"},"modified":"2024-05-07T09:48:33","modified_gmt":"2024-05-07T12:48:33","slug":"auxilio-doenca-beneficio-por-incapacidade-temporaria","status":"publish","type":"work","link":"https:\/\/ruyeassociados.com.br\/?work=auxilio-doenca-beneficio-por-incapacidade-temporaria","title":{"rendered":"AUX\u00cdLIO-DOEN\u00c7A"},"content":{"rendered":"\t\t<div data-elementor-type=\"wp-post\" data-elementor-id=\"12080\" class=\"elementor elementor-12080\">\n\t\t\t\t\t\t\t\t\t<section class=\"elementor-section elementor-top-section elementor-element elementor-element-9e9faa5 elementor-section-boxed elementor-section-height-default elementor-section-height-default\" data-id=\"9e9faa5\" data-element_type=\"section\">\n\t\t\t\t\t\t<div class=\"elementor-container elementor-column-gap-default\">\n\t\t\t\t\t<div class=\"elementor-column elementor-col-100 elementor-top-column elementor-element elementor-element-0709391 titulo\" data-id=\"0709391\" data-element_type=\"column\">\n\t\t\t<div class=\"elementor-widget-wrap elementor-element-populated\">\n\t\t\t\t\t\t\t\t<div class=\"elementor-element elementor-element-683c2d4 titulo elementor-invisible elementor-widget elementor-widget-heading\" data-id=\"683c2d4\" data-element_type=\"widget\" data-settings=\"{&quot;_animation&quot;:&quot;fadeInDown&quot;}\" data-widget_type=\"heading.default\">\n\t\t\t\t<div class=\"elementor-widget-container\">\n\t\t\t<style>\/*! elementor - v3.7.7 - 20-09-2022 *\/\n.elementor-heading-title{padding:0;margin:0;line-height:1}.elementor-widget-heading .elementor-heading-title[class*=elementor-size-]>a{color:inherit;font-size:inherit;line-height:inherit}.elementor-widget-heading .elementor-heading-title.elementor-size-small{font-size:15px}.elementor-widget-heading .elementor-heading-title.elementor-size-medium{font-size:19px}.elementor-widget-heading .elementor-heading-title.elementor-size-large{font-size:29px}.elementor-widget-heading .elementor-heading-title.elementor-size-xl{font-size:39px}.elementor-widget-heading .elementor-heading-title.elementor-size-xxl{font-size:59px}<\/style><h3 class=\"elementor-heading-title elementor-size-default\">BENEF\u00cdCIO POR INCAPACIDADE TEMPOR\u00c1RIA<\/h3>\t\t<\/div>\n\t\t\t\t<\/div>\n\t\t\t\t<div class=\"elementor-element elementor-element-941d6d2 elementor-invisible elementor-widget elementor-widget-text-editor\" data-id=\"941d6d2\" data-element_type=\"widget\" data-settings=\"{&quot;_animation&quot;:&quot;fadeIn&quot;}\" data-widget_type=\"text-editor.default\">\n\t\t\t\t<div class=\"elementor-widget-container\">\n\t\t\t<style>\/*! elementor - v3.7.7 - 20-09-2022 *\/\n.elementor-widget-text-editor.elementor-drop-cap-view-stacked .elementor-drop-cap{background-color:#818a91;color:#fff}.elementor-widget-text-editor.elementor-drop-cap-view-framed .elementor-drop-cap{color:#818a91;border:3px solid;background-color:transparent}.elementor-widget-text-editor:not(.elementor-drop-cap-view-default) .elementor-drop-cap{margin-top:8px}.elementor-widget-text-editor:not(.elementor-drop-cap-view-default) .elementor-drop-cap-letter{width:1em;height:1em}.elementor-widget-text-editor .elementor-drop-cap{float:left;text-align:center;line-height:1;font-size:50px}.elementor-widget-text-editor .elementor-drop-cap-letter{display:inline-block}<\/style>\t\t\t\t<p dir=\"ltr\" style=\"line-height: 1.295; text-align: justify; margin-top: 0pt; margin-bottom: 8pt;\"><span style=\"font-family: Arial; color: #000000; background-color: transparent; font-weight: 400; font-style: normal; font-variant: normal; text-decoration: none; vertical-align: baseline; white-space: pre-wrap;\">O aux\u00edlio-doen\u00e7a \u00e9 um benef\u00edcio por incapacidade devido ao segurado do INSS que comprove, em per\u00edcia m\u00e9dica, encontrar-se temporariamente incapacitado para o trabalho em virtude de doen\u00e7a ou acidente.\u00a0<\/span><\/p>\n<p dir=\"ltr\" style=\"line-height: 1.295; text-align: justify; margin-top: 0pt; margin-bottom: 8pt;\"><span style=\"font-family: Arial; color: #000000; background-color: transparent; font-weight: 400; font-style: normal; font-variant: normal; text-decoration: none; vertical-align: baseline; white-space: pre-wrap;\">Nos \u00faltimos 15 (quinze) dias do aux\u00edlio-doen\u00e7a, na hip\u00f3tese de que o prazo antes concedido para a recupera\u00e7\u00e3o do segurado seja insuficiente para o seu retorno ao trabalho, ele poder\u00e1 solicitar a prorroga\u00e7\u00e3o do benef\u00edcio pela Central 135 ou pelo Meu INSS.<\/span><\/p>\n<p dir=\"ltr\" style=\"line-height: 1.295; text-align: justify; margin-top: 0pt; margin-bottom: 8pt;\"><span style=\"font-family: Arial; color: #000000; background-color: transparent; font-weight: 400; font-style: normal; font-variant: normal; text-decoration: none; vertical-align: baseline; white-space: pre-wrap;\">No caso de indeferimento da prorroga\u00e7\u00e3o do benef\u00edcio, o segurado dever\u00e1 procurar orienta\u00e7\u00e3o com um Advogado para avaliar o quadro f\u00e1tico e jur\u00eddico.\u00a0<\/span><\/p>\n<p dir=\"ltr\" style=\"line-height: 1.295;  text-align: justify; margin-top: 0pt; margin-bottom: 8pt;\"><span style=\"font-family: Arial; color: #000000; background-color: transparent; font-weight: 400; font-style: normal; font-variant: normal; text-decoration: none; vertical-align: baseline; white-space: pre-wrap;\">Para obten\u00e7\u00e3o do benef\u00edcio o segurado dever\u00e1 cumprir car\u00eancia de 12 (doze) contribui\u00e7\u00f5es mensais, havendo casos em que \u00e9 dispensada a car\u00eancia, como, por exemplo, doen\u00e7as profissionais, acidentes de trabalho e acidentes de qualquer natureza ou causa.\u00a0<\/span><\/p>\n<p dir=\"ltr\" style=\"line-height: 1.295;  text-align: justify; margin-top: 0pt; margin-bottom: 8pt;\"><span style=\"font-family: Arial; color: #000000; background-color: transparent; font-weight: 400; font-style: normal; font-variant: normal; text-decoration: none; vertical-align: baseline; white-space: pre-wrap;\">Por ocasi\u00e3o em que o trabalhador for solicitar o benef\u00edcio do aux\u00edlio-doen\u00e7a, ele dever\u00e1 levar ao INSS uma declara\u00e7\u00e3o assinada pelo empregador, informando a data do \u00faltimo dia trabalhado e se se tratar de trabalhador rural, lavrador ou pescador, levar documentos que comprovem esta situa\u00e7\u00e3o, como contratos de mea\u00e7\u00e3o, arrendamento e outros.<\/span><\/p>\t\t\t\t\t\t<\/div>\n\t\t\t\t<\/div>\n\t\t\t\t\t<\/div>\n\t\t<\/div>\n\t\t\t\t\t\t\t<\/div>\n\t\t<\/section>\n\t\t\t\t<section class=\"elementor-section elementor-top-section elementor-element elementor-element-0903ff0 elementor-section-boxed elementor-section-height-default elementor-section-height-default\" data-id=\"0903ff0\" data-element_type=\"section\">\n\t\t\t\t\t\t<div class=\"elementor-container elementor-column-gap-default\">\n\t\t\t\t\t<div class=\"elementor-column elementor-col-100 elementor-top-column elementor-element elementor-element-f86cade\" data-id=\"f86cade\" data-element_type=\"column\">\n\t\t\t<div class=\"elementor-widget-wrap elementor-element-populated\">\n\t\t\t\t\t\t\t\t<div class=\"elementor-element elementor-element-9000ce7 elementor-view-stacked elementor-widget__width-initial elementor-fixed elementor-shape-circle elementor-widget elementor-widget-icon\" data-id=\"9000ce7\" data-element_type=\"widget\" data-settings=\"{&quot;_position&quot;:&quot;fixed&quot;}\" data-widget_type=\"icon.default\">\n\t\t\t\t<div class=\"elementor-widget-container\">\n\t\t\t\t\t<div class=\"elementor-icon-wrapper\">\n\t\t\t<a class=\"elementor-icon\" href=\"https:\/\/api.whatsapp.com\/send?phone=553433369898&#038;text=Ol%C3%A1,%20gostaria%20de%20mais%20informa%C3%A7%C3%B5es%20sobre%20os%20seus%20servi%C3%A7os!\">\n\t\t\t<i aria-hidden=\"true\" class=\"fab fa-whatsapp\"><\/i>\t\t\t<\/a>\n\t\t<\/div>\n\t\t\t\t<\/div>\n\t\t\t\t<\/div>\n\t\t\t\t\t<\/div>\n\t\t<\/div>\n\t\t\t\t\t\t\t<\/div>\n\t\t<\/section>\n\t\t\t\t\t\t\t<\/div>\n\t\t","protected":false},"excerpt":{"rendered":"<p>BENEF\u00cdCIO POR INCAPACIDADE TEMPOR\u00c1RIA O aux\u00edlio-doen\u00e7a \u00e9 um benef\u00edcio por&hellip;<\/p>\n<p> <a class=\"more-link\" href=\"https:\/\/ruyeassociados.com.br\/?work=auxilio-doenca-beneficio-por-incapacidade-temporaria\">Leia mais<\/a><\/p>\n","protected":false},"featured_media":12081,"comment_status":"closed","ping_status":"closed","template":"","_links":{"self":[{"href":"https:\/\/ruyeassociados.com.br\/index.php?rest_route=\/wp\/v2\/work\/12080"}],"collection":[{"href":"https:\/\/ruyeassociados.com.br\/index.php?rest_route=\/wp\/v2\/work"}],"about":[{"href":"https:\/\/ruyeassociados.com.br\/index.php?rest_route=\/wp\/v2\/types\/work"}],"replies":[{"embeddable":true,"href":"https:\/\/ruyeassociados.com.br\/index.php?rest_route=%2Fwp%2Fv2%2Fcomments&post=12080"}],"version-history":[{"count":84,"href":"https:\/\/ruyeassociados.com.br\/index.php?rest_route=\/wp\/v2\/work\/12080\/revisions"}],"predecessor-version":[{"id":12968,"href":"https:\/\/ruyeassociados.com.br\/index.php?rest_route=\/wp\/v2\/work\/12080\/revisions\/12968"}],"wp:featuredmedia":[{"embeddable":true,"href":"https:\/\/ruyeassociados.com.br\/index.php?rest_route=\/wp\/v2\/media\/12081"}],"wp:attachment":[{"href":"https:\/\/ruyeassociados.com.br\/index.php?rest_route=%2Fwp%2Fv2%2Fmedia&parent=12080"}],"curies":[{"name":"wp","href":"https:\/\/api.w.org\/{rel}","templated":true}]}}

AUXÍLIO-DOENÇA

<div data-elementor-type="wp-post" data-elementor-id="12080" class="elementor elementor-12080">
									<section class="elementor-section elementor-top-section elementor-element elementor-element-9e9faa5 elementor-section-boxed elementor-section-height-default elementor-section-height-default" data-id="9e9faa5" data-element_type="section">
						<div class="elementor-container elementor-column-gap-default">
					<div class="elementor-column elementor-col-100 elementor-top-column elementor-element elementor-element-0709391 titulo" data-id="0709391" data-element_type="column">
			<div class="elementor-widget-wrap elementor-element-populated">
								<div class="elementor-element elementor-element-683c2d4 titulo elementor-invisible elementor-widget elementor-widget-heading" data-id="683c2d4" data-element_type="widget" data-settings="{&quot;_animation&quot;:&quot;fadeInDown&quot;}" data-widget_type="heading.default">
				<div class="elementor-widget-container">
			<style>/*! elementor - v3.7.7 - 20-09-2022 */
.elementor-heading-title{padding:0;margin:0;line-height:1}.elementor-widget-heading .elementor-heading-title[class*=elementor-size-]>a{color:inherit;font-size:inherit;line-height:inherit}.elementor-widget-heading .elementor-heading-title.elementor-size-small{font-size:15px}.elementor-widget-heading .elementor-heading-title.elementor-size-medium{font-size:19px}.elementor-widget-heading .elementor-heading-title.elementor-size-large{font-size:29px}.elementor-widget-heading .elementor-heading-title.elementor-size-xl{font-size:39px}.elementor-widget-heading .elementor-heading-title.elementor-size-xxl{font-size:59px}</style><h3 class="elementor-heading-title elementor-size-default">BENEFÍCIO POR INCAPACIDADE TEMPORÁRIA</h3>		</div>
				</div>
				<div class="elementor-element elementor-element-941d6d2 elementor-invisible elementor-widget elementor-widget-text-editor" data-id="941d6d2" data-element_type="widget" data-settings="{&quot;_animation&quot;:&quot;fadeIn&quot;}" data-widget_type="text-editor.default">
				<div class="elementor-widget-container">
			<style>/*! elementor - v3.7.7 - 20-09-2022 */
.elementor-widget-text-editor.elementor-drop-cap-view-stacked .elementor-drop-cap{background-color:#818a91;color:#fff}.elementor-widget-text-editor.elementor-drop-cap-view-framed .elementor-drop-cap{color:#818a91;border:3px solid;background-color:transparent}.elementor-widget-text-editor:not(.elementor-drop-cap-view-default) .elementor-drop-cap{margin-top:8px}.elementor-widget-text-editor:not(.elementor-drop-cap-view-default) .elementor-drop-cap-letter{width:1em;height:1em}.elementor-widget-text-editor .elementor-drop-cap{float:left;text-align:center;line-height:1;font-size:50px}.elementor-widget-text-editor .elementor-drop-cap-letter{display:inline-block}</style>				<p dir="ltr" style="line-height: 1.295; text-align: justify; margin-top: 0pt; margin-bottom: 8pt;"><span style="font-family: Arial; color: #000000; background-color: transparent; font-weight: 400; font-style: normal; font-variant: normal; text-decoration: none; vertical-align: baseline; white-space: pre-wrap;">O auxílio-doença é um benefício por incapacidade devido ao segurado do INSS que comprove, em perícia médica, encontrar-se temporariamente incapacitado para o trabalho em virtude de doença ou acidente. </span></p>
<p dir="ltr" style="line-height: 1.295; text-align: justify; margin-top: 0pt; margin-bottom: 8pt;"><span style="font-family: Arial; color: #000000; background-color: transparent; font-weight: 400; font-style: normal; font-variant: normal; text-decoration: none; vertical-align: baseline; white-space: pre-wrap;">Nos últimos 15 (quinze) dias do auxílio-doença, na hipótese de que o prazo antes concedido para a recuperação do segurado seja insuficiente para o seu retorno ao trabalho, ele poderá solicitar a prorrogação do benefício pela Central 135 ou pelo Meu INSS.</span></p>
<p dir="ltr" style="line-height: 1.295; text-align: justify; margin-top: 0pt; margin-bottom: 8pt;"><span style="font-family: Arial; color: #000000; background-color: transparent; font-weight: 400; font-style: normal; font-variant: normal; text-decoration: none; vertical-align: baseline; white-space: pre-wrap;">No caso de indeferimento da prorrogação do benefício, o segurado deverá procurar orientação com um Advogado para avaliar o quadro fático e jurídico. </span></p>
<p dir="ltr" style="line-height: 1.295;  text-align: justify; margin-top: 0pt; margin-bottom: 8pt;"><span style="font-family: Arial; color: #000000; background-color: transparent; font-weight: 400; font-style: normal; font-variant: normal; text-decoration: none; vertical-align: baseline; white-space: pre-wrap;">Para obtenção do benefício o segurado deverá cumprir carência de 12 (doze) contribuições mensais, havendo casos em que é dispensada a carência, como, por exemplo, doenças profissionais, acidentes de trabalho e acidentes de qualquer natureza ou causa. </span></p>
<p dir="ltr" style="line-height: 1.295;  text-align: justify; margin-top: 0pt; margin-bottom: 8pt;"><span style="font-family: Arial; color: #000000; background-color: transparent; font-weight: 400; font-style: normal; font-variant: normal; text-decoration: none; vertical-align: baseline; white-space: pre-wrap;">Por ocasião em que o trabalhador for solicitar o benefício do auxílio-doença, ele deverá levar ao INSS uma declaração assinada pelo empregador, informando a data do último dia trabalhado e se se tratar de trabalhador rural, lavrador ou pescador, levar documentos que comprovem esta situação, como contratos de meação, arrendamento e outros.</span></p>						</div>
				</div>
					</div>
		</div>
							</div>
		</section>
				<section class="elementor-section elementor-top-section elementor-element elementor-element-0903ff0 elementor-section-boxed elementor-section-height-default elementor-section-height-default" data-id="0903ff0" data-element_type="section">
						<div class="elementor-container elementor-column-gap-default">
					<div class="elementor-column elementor-col-100 elementor-top-column elementor-element elementor-element-f86cade" data-id="f86cade" data-element_type="column">
			<div class="elementor-widget-wrap elementor-element-populated">
								<div class="elementor-element elementor-element-9000ce7 elementor-view-stacked elementor-widget__width-initial elementor-fixed elementor-shape-circle elementor-widget elementor-widget-icon" data-id="9000ce7" data-element_type="widget" data-settings="{&quot;_position&quot;:&quot;fixed&quot;}" data-widget_type="icon.default">
				<div class="elementor-widget-container">
					<div class="elementor-icon-wrapper">
			<a class="elementor-icon" href="https://api.whatsapp.com/send?phone=553433369898&#038;text=Ol%C3%A1,%20gostaria%20de%20mais%20informa%C3%A7%C3%B5es%20sobre%20os%20seus%20servi%C3%A7os!">
			<i aria-hidden="true" class="fab fa-whatsapp"></i>			</a>
		</div>
				</div>
				</div>
					</div>
		</div>
							</div>
		</section>
							</div>

<p>BENEFÍCIO POR INCAPACIDADE TEMPORÁRIA O auxílio-doença é um benefício por&hellip;</p>
<p> <a class="more-link" href="https://ruyeassociados.com.br/?work=auxilio-doenca-beneficio-por-incapacidade-temporaria">Leia mais</a></p>
